{"text_format":"1","workbook":"xlsx","n_sheets":18,"sheets":["Recap","Equip","Fixt","Other","Rental","Subs","Labor","Info","PipeSummary","PipeDetail","PipeEquipment","PipeFixtures","PipeSpecialties","PipeOther","PipeExceptions","Extra","PipeData","Config"],"not_rendered":{"charts":0,"images":4,"macros":1,"external_links":1,"defined_names":57,"comments":0,"pivot_tables":0},"unopened":[],"bounds":{"document_bytes":16777216,"sheet_cells":100000,"rows_first":2000,"rows_last":500,"rows_between":2000,"halvings":0,"cell_chars":16384,"cell_head_chars":4096},"cells_cut":0,"cells_raw":0,"read":"whole","date_system":"1900"}

{"sheet":"Recap","index":0,"n_rows":49,"n_cols":6,"rows_kept":49,"cut":false,"hidden":false,"merged":[[44,0,44,2],[47,0,47,4],[9,2,9,3],[10,2,10,3],[11,2,11,3],[12,2,12,3],[41,0,41,2]]}
["BID RECAP SHEET"]
[null,null,null,null,"Date:"]
["Company:",{"$f":"CompanyName","v":"Comfort Systems USA Arkansas"}]
["JobName:",{"$f":"JobName","v":"MERCY 7TH FLOOR"}]
["Bid:","Base Bid"]
["Location:",{"$f":"JobSiteCity","v":0},{"$f":"JobSiteState","v":0}]
[null,null,"Labor"]
[null,"Materials","Hours","Rate","Labor $","Total"]
["Summary",{"$f":"PipeSummaryMatl","v":646413.71561257262},{"$f":"PipeSummaryHours","v":8758.6658997535651},{"$f":"Labor!K17","v":35},{"$f":"D9*C9","v":306553.30649137479},{"$f":"E9+B9","v":952967.02210394735}]
["Pipe Equipment Total",{"$f":"PipeEquipmentMatl","v":0},"w/Summary",null,0,{"$f":"E10+B10","v":0}]
["Pipe Fixtures Total",{"$f":"PipeFixturesMatl","v":0},"w/Summary",null,0,{"$f":"E11+B11","v":0}]
["Pipe Specialties Total",{"$f":"PipeSpecialtiesMatl","v":0},"w/Summary",null,0,0]
["Pipe Other Total",{"$f":"PipeOtherMatl","v":0},"w/Summary",null,0,0]
["Equipment",{"$f":"Equip!E50","v":46160},{"$f":"Equip!I50","v":366},{"$f":"Labor!K17","v":35},{"$f":"D14*C14","v":12810},{"$f":"E14+B14","v":58970}]
["Fixtures",{"$f":"Fixt!E26","v":94908},{"$f":"Fixt!G26","v":657},{"$f":"Labor!K17","v":35},{"$f":"D15*C15","v":22995},117903]
["Other Job Costs",{"$f":"Other!C59","v":284238.9983894825},{"$f":"Other!E59","v":2815},"Varies",{"$f":"Other!G59","v":104125},388363.9983894825]
["Rental Equipment",{"$f":"Rental!I52","v":0},null,null,{"$f":"D17*C17","v":0},0]
["Overtime Pay",null,null,null,{"$f":"D18*C18","v":0},0]
["Other",null,null,null,{"$f":"D19*C19","v":0},0]
["Sub Total",{"$f":"SUM(B9:B19)","v":1071720.7140020551},{"$f":"SUM(C9+C14+C15+C16+C17+C18+C19)","v":12596.665899753565},null,{"$f":"SUM(E9:E19)","v":446483.30649137479},{"$f":"SUM(F9:F19)","v":1518204.0204934299}]
["Sales Tax",{"$f":"IF(MID(Info!F8,1,1)=\"Y\",(Info!H8/100)*Recap!B20,IF(MID(Info!F10,1,1)=\"Y\",(Info!H10/100)*Recap!B20,IF(MID(Info!F11,1,1)=\"Y\",\"   Below\",0)))","v":104492.76961520038},null,null,{"$f":"IF(MID(Info!F9,1,1)=\"Y\",(Info!H9/100)*Recap!E20,IF(MID(Info!F10,1,1)=\"Y\",(Info!H10/100)*Recap!E20,IF(MID(Info!F11,1,1)=\"Y\",\"   Below\",0)))","v":214311.9871158599},{"$f":"SUM(B21:E21)","v":318804.75673106028}]
["Sub Total",{"$f":"SUM(B20:B21)","v":1176213.4836172555},null,null,{"$f":"SUM(E20:E21)","v":660795.29360723472},{"$f":"SUM(F20:F21)","v":1837008.7772244902}]
[]
[null,"Subcontracts",null,null,{"$f":"Subs!B2","v":"including Sales Tax"},{"$f":"Subs!D48","v":703614}]
[null,null,null,null,"Sub Total",{"$f":"F24+F22","v":2540622.7772244904}]
[]
[null,null,null,null,"Warranty"]
[null,null,null,null,"Material Escalation"]
[null,null,null,null,"Freight"]
[null,null,null,null,"Per Diem"]
[null,null,null,null,"Truck",5000]
[null,null,null,null,"Excavation"]
[null,null,null,null,"Sub Total",{"$f":"SUM(F27:F32)+F25","v":2545622.7772244904}]
[]
[null,null,null,"%","Overhead",{"$f":"(C35/100)*F33","v":0}]
[null,null,12,"%","Profit",{"$f":"(C36/100)*(F33+F35)","v":305474.73326693883}]
[null,null,null,null,"Sub Total",{"$f":"SUM(F35:F36)+F33","v":2851097.5104914294}]
[]
[null,null,null,null,"Sales Tax",{"$f":"IF(MID(Info!F11,1,1)=\"Y\",(Info!H11/100)*F37,0)","v":0}]
[null,null,null,null,"Sub Total",{"$f":"F39+F37","v":2851097.5104914294}]
[]
["Estimator:______________________________________",null,null,null,"Bond",{"$f":"IF(Info!F15=\"Y\",(Info!H15/100)*F40,0)","v":0}]
[null,null,null,null,"QUOTED PRICE",{"$f":"F42+F40","v":2851097.5104914294}]
[]
["Reviewer:_______________________________________"]
[]
[]
["2nd Reviewer / Math Checked By:___________________________________"]
["(If over $1 Million)"]

{"sheet":"Equip","index":1,"n_rows":50,"n_cols":30,"rows_kept":50,"cut":false,"hidden":false,"merged":[[5,28,5,29],[5,18,5,19],[5,20,5,21],[5,22,5,23],[5,24,5,25],[5,26,5,27],[5,3,5,4],[2,1,2,11],[3,1,3,11],[5,14,5,15],[5,16,5,17]]}
["HVAC EQUIPMENT"]
[]
["Company:",{"$f":"CompanyName","v":"Comfort Systems USA Arkansas"}]
["JobName:",{"$f":"JobPath","v":"S:\\FastEST\\FastEST-Local.site\\Jobs\\MERCY 7TH FLOOR.job"}]
[]
[null,null,null,"Materials",null,"Sheet Metal Materials",null,"Labor Hours",null,"SM Shop Hours",null,"SM Field Hours",null,null,"Trane",null,"Airetech",null,"Carrier",null,"York",null,"Jaco",null,"Fluid Solutions"]
["Mark","Description","Quantity","Unit","Total","Unit","Total","Unit","Total","Unit","Total","Unit","Total",null,"Each","Total","Each","Total","Each","Total","Each","Total","Each","Total","Each","Total","Each","Total","Each","Total"]
[null,"VAVs",59,null,{"$f":"D8*C8","v":0},null,{"$f":"F8*C8","v":0},3,{"$f":"H8*C8","v":177},null,{"$f":"J8*C8","v":0},null,{"$f":"L8*C8","v":0},null,null,{"$f":"SUM(C8*O8)","v":0},null,{"$f":"SUM(C8*Q8)","v":0},null,{"$f":"SUM(C8*S8)","v":0},null,{"$f":"SUM(C8*U8)","v":0},null,{"$f":"SUM(C8*W8)","v":0},null,{"$f":"SUM(C8*Y8)","v":0},null,{"$f":"SUM(C8*AA8)","v":0},null,{"$f":"SUM(C8*AC8)","v":0}]
[null,"Exhaust Fans",4,null,{"$f":"D9*C9","v":0},null,{"$f":"F9*C9","v":0},3,{"$f":"H9*C9","v":12},null,{"$f":"J9*C9","v":0},null,{"$f":"L9*C9","v":0},null,null,{"$f":"SUM(C9*O9)","v":0},null,{"$f":"SUM(C9*Q9)","v":0},null,{"$f":"SUM(C9*S9)","v":0},null,{"$f":"SUM(C9*U9)","v":0},null,{"$f":"SUM(C9*W9)","v":0},null,{"$f":"SUM(C9*Y9)","v":0},null,{"$f":"SUM(C9*AA9)","v":0},null,{"$f":"SUM(C9*AC9)","v":0}]
[null,"Airetech",1,27870,27870,null,0,null,0,null,0,null,0,null,null,{"$f":"SUM(C10*O10)","v":0},null,{"$f":"SUM(C10*Q10)","v":0},null,{"$f":"SUM(C10*S10)","v":0},null,{"$f":"SUM(C10*U10)","v":0},null,{"$f":"SUM(C10*W10)","v":0},null,{"$f":"SUM(C10*Y10)","v":0},null,{"$f":"SUM(C10*AA10)","v":0},null,{"$f":"SUM(C10*AC10)","v":0}]
[null,null,null,null,0,null,0,null,0,null,0,null,0,null,null,0,null,0,null,0,null,0,null,0,null,0,null,0,null,0]
[null,"Valve Packs",59,310,18290,null,0,3,177,null,0,null,0,null,null,0,null,0,null,0,null,0,null,0,null,0,null,0,null,0]
[null,null,null,null,0,null,0,null,0,null,0,null,0,null,null,0,null,0,null,0,null,0,null,0,null,0,null,0,null,0]
[null,null,null,null,0,null,0,null,0,null,0,null,0,null,null,0,null,0,null,0,null,0,null,0,null,0,null,0,null,0]
[null,null,null,null,0,null,0,null,0,null,0,null,0,null,null,0,null,0,null,0,null,0,null,0,null,0,null,0,null,0]
[null,null,null,null,0,null,0,null,0,null,0,null,0,null,null,0,null,0,null,0,null,0,null,0,null,0,null,0,null,0]
[null,null,null,null,0,null,0,null,0,null,0,null,0,null,null,0,null,0,null,0,null,0,null,0,null,0,null,0,null,0]
[null,null,null,null,0,null,0,null,0,null,0,null,0,null,null,0,null,0,null,0,null,0,null,0,null,0,null,0,null,0]
[null,null,null,null,0,null,0,null,0,null,0,null,0,null,null,0,null,0,null,0,null,0,null,0,null,0,null,0,null,0]
[null,null,null,null,0,null,0,null,0,null,0,null,0,null,null,0,null,0,null,0,null,0,null,0,null,0,null,0,null,0]
[null,null,null,null,0,null,0,null,0,null,0,null,0,null,null,0,null,0,null,0,null,0,null,0,null,0,null,0,null,0]
[null,null,null,null,0,null,0,null,0,null,0,null,0,null,null,0,null,0,null,0,null,0,null,0,null,0,null,0,null,0]
[null,null,null,null,0,null,0,null,0,null,0,null,0,null,null,0,null,0,null,0,null,0,null,0,null,0,null,0,null,0]
[null,null,null,null,0,null,0,null,0,null,0,null,0,null,null,0,null,0,null,0,null,0,null,0,null,0,null,0,null,0]
[null,null,null,null,0,null,0,null,0,null,0,null,0,null,null,0,null,0,null,0,null,0,null,0,null,0,null,0,null,0]
[null,null,null,null,0,null,0,null,0,null,0,null,0,null,null,0,null,0,null,0,null,0,null,0,null,0,null,0,null,0]
[null,null,null,null,0,null,0,null,0,null,0,null,0,null,null,0,null,0,null,0,null,0,null,0,null,0,null,0,null,0]
[null,null,null,null,0,null,0,null,0,null,0,null,0,null,null,0,null,0,null,0,null,0,null,0,null,0,null,0,null,0]
[null,null,null,null,0,null,0,null,0,null,0,null,0,null,null,0,null,0,null,0,null,0,null,0,null,0,null,0,null,0]
[null,null,null,null,0,null,0,null,0,null,0,null,0,null,null,0,null,0,null,0,null,0,null,0,null,0,null,0,null,0]
[null,null,null,null,0,null,0,null,0,null,0,null,0,null,null,0,null,0,null,0,null,0,null,0,null,0,null,0,null,0]
[null,null,null,null,0,null,0,null,0,null,0,null,0,null,null,0,null,0,null,0,null,0,null,0,null,0,null,0,null,0]
[null,null,null,null,0,null,0,null,0,null,0,null,0,null,null,0,null,0,null,0,null,0,null,0,null,0,null,0,null,0]
[null,null,null,null,0,null,0,null,0,null,0,null,0,null,null,0,null,0,null,0,null,0,null,0,null,0,null,0,null,0]
[null,null,null,null,0,null,0,null,0,null,0,null,0,null,null,0,null,0,null,0,null,0,null,0,null,0,null,0,null,0]
[null,null,null,null,0,null,0,null,0,null,0,null,0,null,null,0,null,0,null,0,null,0,null,0,null,0,null,0,null,0]
[null,null,null,null,0,null,0,null,0,null,0,null,0,null,null,0,null,0,null,0,null,0,null,0,null,0,null,0,null,0]
[null,null,null,null,0,null,0,null,0,null,0,null,0,null,null,0,null,0,null,0,null,0,null,0,null,0,null,0,null,0]
[null,null,null,null,0,null,0,null,0,null,0,null,0,null,null,0,null,0,null,0,null,0,null,0,null,0,null,0,null,0]
[null,null,null,null,0,null,0,null,0,null,0,null,0,null,null,0,null,0,null,0,null,0,null,0,null,0,null,0,null,0]
[null,null,null,null,0,null,0,null,0,null,0,null,0,null,null,0,null,0,null,0,null,0,null,0,null,0,null,0,null,0]
[null,null,null,null,0,null,0,null,0,null,0,null,0,null,null,0,null,0,null,0,null,0,null,0,null,0,null,0,null,0]
[null,null,null,null,0,null,0,null,0,null,0,null,0,null,null,0,null,0,null,0,null,0,null,0,null,0,null,0,null,0]
[null,null,null,null,0,null,0,null,0,null,0,null,0,null,null,0,null,0,null,0,null,0,null,0,null,0,null,0,null,0]
[null,null,null,null,0,null,0,null,0,null,0,null,0,null,null,0,null,0,null,0,null,0,null,0,null,0,null,0,null,0]
[null,null,null,null,0,null,0,null,0,null,0,null,0,null,null,0,null,0,null,0,null,0,null,0,null,0,null,0,null,0]
[null,null,null,null,0,null,0,null,0,null,0,null,0,null,null,0,null,0,null,0,null,0,null,0,null,0,null,0,null,0]
[null,null,null,null,0,null,0,null,0,null,0,null,0,null,null,0,null,0,null,0,null,0,null,0,null,0,null,0,null,0]
[null,null,null,null,0,null,0,null,0,null,0,null,0,null,null,0,null,0,null,0,null,0,null,0,null,0,null,0,null,0]
[null,"Totals  ",null,null,{"$f":"SUM(E8:E49)","v":46160},null,{"$f":"SUM(G8:G49)","v":0},null,{"$f":"SUM(I8:I49)","v":366},null,{"$f":"SUM(K8:K49)","v":0},null,{"$f":"SUM(M8:M49)","v":0},null,null,{"$f":"SUM(P8:P49)","v":0},null,{"$f":"SUM(R8:R49)","v":0},null,{"$f":"SUM(T8:T49)","v":0},null,{"$f":"SUM(V8:V49)","v":0},null,{"$f":"SUM(X8:X49)","v":0},null,{"$f":"SUM(Z8:Z49)","v":0},null,{"$f":"SUM(AB8:AB49)","v":0},null,{"$f":"SUM(AD8:AD49)","v":0}]

{"sheet":"Fixt","index":2,"n_rows":26,"n_cols":16,"rows_kept":26,"cut":false,"hidden":false,"merged":[[5,14,5,15],[2,1,2,11],[3,1,3,11],[5,8,5,9],[5,10,5,11],[5,12,5,13]]}
["FIXTURE"]
[]
["Company:",{"$f":"CompanyName","v":"Comfort Systems USA Arkansas"}]
["JobName:",{"$f":"JobPath","v":"S:\\FastEST\\FastEST-Local.site\\Jobs\\MERCY 7TH FLOOR.job"}]
[]
[null,null,null,"Materials",null,"Labor Hours",null,null,"SPWN",null,"Ferguson",null,"Star",null,"Sanders"]
["Mark","Description","Quantity","Unit","Total","Unit","Total",null,"Each","Total","Each","Total","Each","Total","Each","Total"]
["DB1",null,30,34,{"$f":"D8*C8","v":1020},2,{"$f":"F8*C8","v":60},null,null,{"$f":"SUM(C8*I8)","v":0},null,{"$f":"SUM(C8*K8)","v":0},null,{"$f":"SUM(C8*M8)","v":0},null,{"$f":"SUM(C8*O8)","v":0}]
["DF1",null,1,1260,1260,4,4,null,null,0,null,0,null,0,null,0]
["EE1",null,3,1100,3300,2,6,null,null,0,null,0,null,0,null,0]
["LV1",null,41,632,25912,3,123,null,null,0,null,0,null,0,null,0]
["LV2",null,2,2710,5420,3,6,null,null,0,null,0,null,0,null,0]
["MB1",null,1,620,620,4,4,null,null,0,null,0,null,0,null,0]
["SH1",null,38,320,12160,4,152,null,null,0,null,0,null,0,null,0]
["SK1",null,2,420,840,3,6,null,null,0,null,0,null,0,null,0]
["SK2",null,3,420,1260,3,9,null,null,0,null,0,null,0,null,0]
["SK3",null,2,660,1320,3,6,null,null,0,null,0,null,0,null,0]
["SK4",null,36,280,10080,3,108,null,null,0,null,0,null,0,null,0]
["SK5",null,5,660,3300,3,15,null,null,0,null,0,null,0,null,0]
["WB1",null,3,72,216,2,6,null,null,0,null,0,null,0,null,0]
["WC1","WM w/carrier",33,768,25344,4,132,null,null,0,null,0,null,0,null,0]
["WC2","WM w/carrier",4,494,1976,4,16,null,null,0,null,0,null,0,null,0]
["WC3","WM w/carrier",1,880,880,4,4,null,null,0,null,0,null,0,null,0]
[null,null,null,null,0,null,0,null,null,0,null,0,null,0,null,0]
[null,null,null,null,{"$f":"D25*C25","v":0},null,{"$f":"F25*C25","v":0},null,null,{"$f":"SUM(C25*I25)","v":0},null,{"$f":"SUM(C25*K25)","v":0},null,{"$f":"SUM(C25*M25)","v":0},null,{"$f":"SUM(C25*O25)","v":0}]
[null,"Totals  ",{"$f":"SUM(C8:C25)","v":205},null,{"$f":"SUM(E8:E25)","v":94908},null,{"$f":"SUM(G8:G25)","v":657},null,null,{"$f":"SUM(J8:J25)","v":0},null,{"$f":"SUM(L8:L25)","v":0},null,{"$f":"SUM(N8:N25)","v":0},null,{"$f":"SUM(P8:P25)","v":0}]

{"sheet":"Other","index":3,"n_rows":59,"n_cols":13,"rows_kept":59,"cut":false,"hidden":false,"merged":[[2,1,2,11],[3,1,3,11]]}
["OTHER JOB COSTS"]
[]
["Company:",{"$f":"CompanyName","v":"Comfort Systems USA Arkansas"}]
["JobName:",{"$f":"JobPath","v":"S:\\FastEST\\FastEST-Local.site\\Jobs\\MERCY 7TH FLOOR.job"}]
[]
[]
[null,null,"Materials",null,"Labor Hours"]
[null,"Description","Total","Sheet Metal","Hours","Rate","Total","Shop Hrs","Rate","Total","Field Hrs","Rate","Total"]
[1,"Small Tools (5% of Labor)",{"$f":"SUM(Recap!E20*0.06)","v":26788.998389482487},null,0,0,{"$f":"IF(E9>0,IF(F9=0,\"No Rate\",E9*F9),0)","v":0},null,null,{"$f":"IF(H9>0,IF(I9=0,\"No Rate\",H9*I9),0)","v":0},null,null,{"$f":"IF(K9>0,IF(L9=0,\"No Rate\",K9*L9),0)","v":0}]
[2,null,null,null,null,null,{"$f":"IF(E10>0,IF(F10=0,\"No Rate\",E10*F10),0)","v":0},null,null,{"$f":"IF(H10>0,IF(I10=0,\"No Rate\",H10*I10),0)","v":0},null,null,{"$f":"IF(K10>0,IF(L10=0,\"No Rate\",K10*L10),0)","v":0}]
[3,"Supervision",null,null,1120,40,44800,null,null,0,null,null,0]
[4,null,null,null,null,null,0,null,null,0,null,null,0]
[5,"Permits - Plumbing",3000,null,null,null,0,null,null,0,null,null,0]
[6,"Permits - Mechanical",1225,null,null,null,0,null,null,0,null,null,0]
[7,null,null,null,null,null,0,null,null,0,null,null,0]
[8,null,null,null,null,null,0,null,null,0,null,null,0]
[9,"Mechanical ID",1200,null,30,35,1050,null,null,0,null,null,0]
[10,"Plumbing ID",1200,null,30,35,1050,null,null,0,null,null,0]
[11,null,null,null,null,null,0,null,null,0,null,null,0]
[12,null,null,null,null,null,0,null,null,0,null,null,0]
[13,null,null,null,null,null,0,null,null,0,null,null,0]
[14,"Equipment Rental / Crane",10000,null,null,null,0,null,null,0,null,null,0]
[15,null,null,null,null,null,0,null,null,0,null,null,0]
[16,"Consumables",5000,null,null,null,0,null,null,0,null,null,0]
[17,null,null,null,null,null,0,null,null,0,null,null,0]
[18,"Firestop",3500,null,65,35,2275,null,null,0,null,null,0]
[19,null,null,null,null,35,0,null,null,0,null,null,0]
[20,"Demolition",5000,null,120,35,4200,null,null,0,null,null,0]
[21,"Core Drilling and Sleeves",68975,null,300,35,10500,null,null,0,null,null,0]
[22,"Connect to Existing",500,null,80,35,2800,null,null,0,null,null,0]
[23,"Draining & Refilling",500,null,60,35,2100,null,null,0,null,null,0]
[24,"Pressure Testing",500,null,100,35,3500,null,null,0,null,null,0]
[25,null,null,null,null,35,0,null,null,0,null,null,0]
[26,"Access Panels",1200,null,5,35,175,null,null,0,null,null,0]
[27,"Seismic Protection",84100,null,300,35,10500,null,null,0,null,null,0]
[28,"Med Gas Outlets",49850,null,425,35,14875,null,null,0,null,null,0]
[29,null,null,null,null,35,0,null,null,0,null,null,0]
[30,"Temporary Plumbing or HVAC",500,null,20,35,700,null,null,0,null,null,0]
[31,"Temp Filters",1200,null,40,35,1400,null,null,0,null,null,0]
[32,null,null,null,null,35,0,null,null,0,null,null,0]
[33,"Bim Coordination (pinnacle)",20000,null,120,35,4200,null,null,0,null,null,0]
[34,null,null,null,null,35,0,null,null,0,null,null,0]
[35,null,null,null,null,35,0,null,null,0,null,null,0]
[36,null,null,null,null,35,0,null,null,0,null,null,0]
[37,null,null,null,null,35,0,null,null,0,null,null,0]
[38,null,null,null,null,null,0,null,null,0,null,null,0]
[39,null,null,null,null,null,0,null,null,0,null,null,0]
[40,null,null,null,null,null,0,null,null,0,null,null,0]
[41,null,null,null,null,null,0,null,null,0,null,null,0]
[42,null,null,null,null,null,0,null,null,0,null,null,0]
[43,null,null,null,null,null,0]
[44,null,null,null,null,null,0]
[45,null,null,null,null,null,0]
[46,null,null,null,null,null,0]
[47,null,null,null,null,null,{"$f":"IF(E55>0,IF(F55=0,\"No Rate\",E55*F55),0)","v":0}]
[48,null,null,null,null,null,{"$f":"IF(E56>0,IF(F56=0,\"No Rate\",E56*F56),0)","v":0}]
[49,null,null,null,null,null,0]
[50,null,null,null,null,null,0]
[null,null,{"$f":"SUM(C9:C58)","v":284238.9983894825},{"$f":"SUM(D9:D50)","v":0},{"$f":"SUM(E9:E58)","v":2815},null,{"$f":"SUM(G9:G58)","v":104125},{"$f":"SUM(H9:H50)","v":0},null,{"$f":"SUM(J9:J50)","v":0},{"$f":"SUM(K9:K50)","v":0},null,{"$f":"SUM(M9:M50)","v":0}]

{"sheet":"Rental","index":4,"n_rows":52,"n_cols":9,"rows_kept":52,"cut":false,"hidden":false,"merged":[[7,2,7,3],[7,4,7,5],[7,6,7,7],[2,1,2,11],[3,1,3,11]]}
["EQUIPMENT RENTAL"]
[]
["Company:",{"$f":"CompanyName","v":"Comfort Systems USA Arkansas"}]
["JobName:",{"$f":"JobPath","v":"S:\\FastEST\\FastEST-Local.site\\Jobs\\MERCY 7TH FLOOR.job"}]
[]
[]
[null,null,"Rental Rates"]
[null,null,"Daily",null,"Weekly",null,"Monthly"]
[null,"Description","Days","Rate","Weeks","Rate","Months","Rate","Total"]
[1,"Automobile",null,0,null,0,null,5,{"$f":"(C10*D10)+(E10*F10)+(G10*H10)","v":0}]
[2,"1 1/2 Ton Stake",null,0,null,0,null,0,{"$f":"(C11*D11)+(E11*F11)+(G11*H11)","v":0}]
[3,"2 Ton Flat Bed",null,0,null,0,null,0,{"$f":"(C12*D12)+(E12*F12)+(G12*H12)","v":0}]
[4,"2\" Pipe Machine",null,0,null,0,null,0,0]
[5,"4\" Pipe Machine",null,0,null,0,null,0,0]
[6,"8\" Pipe Machine",null,0,null,0,null,0,0]
[7,"Air Compressor",null,0,null,0,null,0,0]
[8,"Backhoe",null,0,null,0,null,0,0]
[9,"Band Saw",null,0,null,0,null,0,0]
[10,"Boom Lift",null,0,null,0,null,0,0]
[11,"Crane 18 ton",null,0,null,0,null,0,0]
[12,"Crane 25 ton",null,0,null,0,null,0,0]
[13,"Cut-off Saw",null,0,null,0,null,0,0]
[14,"Dewatering Equipment",null,0,null,0,null,0,0]
[15,"Fork Lift",null,0,null,0,null,0,0]
[16,"Grooving Machine",null,0,null,0,null,0,0]
[17,"High Jacks",null,0,null,0,null,0,0]
[18,"Hydraulic Lift",null,0,null,0,null,0,0]
[19,"Pick-up Truck",null,0,null,0,null,0,0]
[20,"Pipe Bender",null,0,null,0,null,0,0]
[21,"Pipe Machine",null,0,null,0,null,0,0]
[22,"Portable Building",null,0,null,0,null,0,0]
[23,"Portable Hoist",null,0,null,0,null,0,0]
[24,"Power Hoist",null,0,null,0,null,0,0]
[25,"Scaffolding",null,0,null,0,null,0,0]
[26,"Scissor Lift",null,0,null,0,null,0,0]
[27,"Tractor",null,0,null,0,null,0,0]
[28,"Trailer Van",null,0,null,0,null,0,0]
[29,"Trenching Machine",null,0,null,0,null,0,0]
[30,"Water Pump",null,0,null,0,null,0,0]
[31,"Welder Electric",null,0,null,0,null,0,0]
[32,"Welder Gas",null,0,null,0,null,0,0]
[33,"Welder Heli-arc",null,0,null,0,null,0,0]
[34,null,null,0,null,0,null,0,0]
[35,null,null,0,null,0,null,0,0]
[36,null,null,0,null,0,null,0,0]
[37,null,null,0,null,0,null,0,0]
[38,null,null,0,null,0,null,0,0]
[39,null,null,0,null,0,null,0,0]
[40,null,null,0,null,0,null,0,0]
[41,null,null,0,null,0,null,0,0]
[42,null,null,0,null,0,null,0,0]
[null,null,null,null,null,null,null,null,{"$f":"SUM(I10:I51)","v":0}]

{"sheet":"Subs","index":5,"n_rows":48,"n_cols":15,"rows_kept":48,"cut":false,"hidden":false,"merged":[[5,13,5,14],[2,1,2,11],[3,1,3,11],[5,5,5,6],[5,7,5,8],[5,9,5,10],[5,11,5,12]]}
["SUBCONTRACTORS"]
[null,{"$f":"IF(Info!F11=\"Y\",\"NOT including Sales Tax\",IF(Info!F12=\"Y\",\"NOT including Sales Tax\",\"including Sales Tax\"))","v":"including Sales Tax"}]
["Company:",{"$f":"CompanyName","v":"Comfort Systems USA Arkansas"}]
["JobName:",{"$f":"JobPath","v":"S:\\FastEST\\FastEST-Local.site\\Jobs\\MERCY 7TH FLOOR.job"}]
[]
[null,null,null,null,null,"Sheet Metal",null,"Insulation",null,"Controls",null,"Chemical Treatment",null,"Electrical"]
[null,"Description","Vendor","Price",null,"Vendor","Price","Vendor","Price","Vendor","Price","Vendor","Price","Vendor","Price"]
[1,"Sheet Metal","Knight Wilson",420000]
[2,"Insulation","Midwest",90814]
[3,"Temperature Controls","Airetech",166000]
[4,"TAB","Powers",22800]
[5]
[6]
[7,"Flintco Procore Charge",null,4000]
[8]
[9]
[10]
[11]
[12]
[13]
[14]
[15]
[16]
[17]
[18]
[19]
[20]
[21]
[22,null,null,null,null," ",null," ",null," ",null," ",null," "]
[23,null,null,null,null," ",null," ",null," ",null," ",null," "]
[24,null,null,null,null," ",null," ",null," ",null," ",null," "]
[25,null,null,null,null," ",null," ",null," ",null," ",null," "]
[26,null,null,null,null," ",null," ",null," ",null," ",null," "]
[27,null,null,null,null," ",null," ",null," ",null," ",null," "]
[28,null,null,null,null," ",null," ",null," ",null," ",null," "]
[29,null,null,null,null," ",null," ",null," ",null," ",null," "]
[30,null,null,null,null," ",null," ",null," ",null," ",null," "]
[31," ",null,null,null," ",null," ",null," ",null," ",null," "]
[32," ",null,null,null," ",null," ",null," ",null," ",null," "]
[33," ",null,null,null," ",null," ",null," ",null," ",null," "]
[34," ",null,null,null," ",null," ",null," ",null," ",null," "]
[35," ",null,null,null," ",null," ",null," ",null," ",null," "]
[36," ",null,null,null," ",null," ",null," ",null," ",null," "]
[37," ",null,null,null," ",null," ",null," ",null," ",null," "]
[38]
[39]
[40]
[null,"Totals  ",null,{"$f":"SUM(D8:D47)","v":703614},null,"Totals  ",{"$f":"SUM(G8:G47)","v":0},"Totals  ",{"$f":"SUM(I8:I47)","v":0},"Totals  ",{"$f":"SUM(K8:K47)","v":0},"Totals  ",{"$f":"SUM(M8:M47)","v":0},"Totals  ",{"$f":"SUM(O8:O47)","v":0}]

{"sheet":"Labor","index":6,"n_rows":30,"n_cols":12,"rows_kept":30,"cut":false,"hidden":false,"merged":[[2,1,2,11],[3,1,3,11]]}
["LABOR RATES"]
[]
["Company:",{"$f":"CompanyName","v":"Comfort Systems USA Arkansas"}]
["JobName:",{"$f":"JobPath","v":"S:\\FastEST\\FastEST-Local.site\\Jobs\\MERCY 7TH FLOOR.job"}]
[]
[]
["Sheet Metal Shop",null,"Crew","Rate","Total",null,null,"Plumber/Pipefitter",null,"Crew","Rate","Total"]
["General Foreman",null,0,42.56,{"$f":"D8*C8","v":0},null,null,"General Foreman",null,0,44.31,{"$f":"K8*J8","v":0}]
["Foreman",null,1,39.67,{"$f":"D9*C9","v":39.67},null,null,"Foreman",null,0,41.43,0]
["Journeyman",null,1,36.78,36.78,null,null,"Journeyman",null,1,35,35]
["5th Year Apprentice",null,0,32.46,0,null,null,"5th Year Apprentice",null,0,35.68,0]
["4th Year Apprentice",null,0,29.57,0,null,null,"4th Year Apprentice",null,0,32.799999999999997,0]
["3rd Year Apprentice",null,0,26.68,0,null,null,"3rd Year Apprentice",null,0,29.93,0]
["2nd Year Apprentice",null,0,25.23,0,null,null,"2nd Year Apprentice",null,0,27.05,0]
["1st Year Apprentice",null,0,23.79,0,null,null,"1st Year Apprentice",null,0,19.07,0]
["Laborer",null,0,18.02,0,null,null,"Laborer",null,0,15.9,0]
[null,null,{"$f":"SUM(C8:C16)","v":2},{"$f":"E17/C17","v":38.225000000000001},{"$f":"SUM(E8:E16)","v":76.45},null,null,null,null,{"$f":"SUM(J8:J16)","v":1},{"$f":"L17/J17","v":35},{"$f":"SUM(L8:L16)","v":35}]
[]
[]
["Sheet Metal Field",null,"Crew","Rate","Total",null,null,"OTHER LABOR",null,null,"Rate"]
["General Foreman",null,0,42.56,{"$f":"D21*C21","v":0},null,null,"Supervision",null,null,38]
["Foreman",null,1,39.67,39.67,null,null,"Start-up",null,null,35]
["Journeyman",null,1,36.78,36.78,null,null,"Delivery",null,null,15]
["5th Year Apprentice",null,0,32.46,0,null,null,"Engineer",null,null,50]
["4th Year Apprentice",null,0,29.57,0,null,null,"Drafting",null,null,40]
["3rd Year Apprentice",null,0,26.68,0,null,null,"Project Manager",null,null,50]
["2nd Year Apprentice",null,0,25.23,0,null,null,"Other 1",null,null,0]
["1st Year Apprentice",null,0,23.79,0,null,null,"Other 2",null,null,0]
["Laborer",null,0,18.02,0,null,null,"Other 3",null,null,0]
[null,null,{"$f":"SUM(C21:C29)","v":2},{"$f":"E30/C30","v":38.225000000000001},{"$f":"SUM(E21:E29)","v":76.45}]

{"sheet":"Info","index":7,"n_rows":15,"n_cols":8,"rows_kept":15,"cut":false,"hidden":false,"merged":[[2,1,2,11],[3,1,3,11]]}
["JOB INFORMATION"]
[]
["Company:",{"$f":"CompanyName","v":"Comfort Systems USA Arkansas"}]
["JobName:",{"$f":"JobPath","v":"S:\\FastEST\\FastEST-Local.site\\Jobs\\MERCY 7TH FLOOR.job"}]
[]
[]
["Sales Tax (Enter Y in only one)"]
["Is there sales tax on materials?",null,null,null,"(Y or N)","Y","Tax %",9.75]
["Is there sales tax on labor?",null,null,null,"(Y or N)","Y","Tax %",48]
["Is there sales tax on materials & labor?",null,null,null,"(Y or N)","N","Tax %",7.5]
["Is there sales tax on the whole job?",null,null,null,"(Y or N)","N","Tax %",7.5]
["Is the job tax exempt?",null,null,null,"(Y or N)","N"]
[]
["Bond"]
["Does the job require a performance bond?",null,null,null,"(Y or N)","N","Bond %",0.4]

{"sheet":"PipeSummary","index":8,"n_rows":28,"n_cols":13,"rows_kept":28,"cut":false,"hidden":false,"merged":[[6,7,6,12],[4,2,4,12],[5,2,5,12],[0,2,0,12],[1,2,1,12],[2,2,2,12],[3,2,3,12]]}
[null,"Company:",{"$f":"CompanyName","v":"Comfort Systems USA Arkansas"}]
[null,"JobName:",{"$f":"JobPath","v":"S:\\FastEST\\FastEST-Local.site\\Jobs\\MERCY 7TH FLOOR.job"}]
[null,"Material Set:",{"$f":"PipeCalcMaterialSetName","v":"Factor 1"}]
[null,"Labor Set:",{"$f":"PipeCalcLaborSetName","v":1}]
[null,"Run Date:",{"$f":"PipeCalcDateTime","v":"2025-01-07T10:20:37"}]
[null,"Sort Key:","By Matl Group"]
[null,null,null,null,null,null,null,"* - Group contains items with quoted prices"]
["Matl",null,null,"Last",null,null,"List","Matl","Net","Base","Adj","Job","Job"]
["Group","Matl Group Name","Manufacturer","Update","Qty","Wt","Total","Disc","Total","Hours","Hours","Fact","Total"]
["bline6","Threaded Rod","B-Line","2022-06-15",5436,0,27591.267999999996,0.2,5518.2536,544.52000790834484,544.52000904083297,{"$f":"IF(K10=0,1,M10/K10)","v":1},544.52000904083297]
["bolts","Bolts","Bolt-Pak","2021-06-08",144,0,142.56,0.8,114.048,0,0,1,0]
["copfcb","Clean & Bag Cop Ftgs Elkhart","Elkhart Prod","2024-06-20T10:51:44",990,810.4979886710679,328174.02,0.25,82043.505000000005,937.50000822544155,937.50000762939658,1,937.50000762939658]
["copfit","Copper Fittings Elkhart","Elkhart Prod","2024-06-20T10:51:44",5029,1534.9269982837172,489744.9,0.2,97948.98,3331.1099579930346,3331.1099395751839,1,3331.1099395751839]
["coptub","Copper Tube Mueller","Mueller","2024-11-05T21:23:31",14038.71309661872,28024.116757803939,770185.05824127293,0.4,308074.02329650981,1448.871032317227,1448.8710279464751,1,1448.8710279464751]
["fnwhgr","Hangers & Supports","FNW","2023-05-22",6240,0,5333.768,1,5333.768,156.000002324581,156.00000071525599,1,156.00000071525599]
["gasket","Gaskets","Industrial S","1999-02-01",18,0,20.7,1,20.7,0,0,1,0]
["hanger","Hangers","B-Line","2022-06-15",1944,3504.9300580769673,46526.36,0.2,9305.2720000000008,482.14998891949699,482.14998579025303,1,482.14998579025303]
["joint","Joints","Varies","2021-08-17",12987,8.4720000736415404,11662.24,1,11662.24,93.029998898506193,93.029999971389856,1,93.029999971389856]
["milbal","Ball Valves Milwaukee","Milwaukee","2024-07-23T09:27:00",80,0,7936.7999999999993,0.35,2777.8799999999997,44.000000953674316,44,1,44]
["nbball","Ball Valves Nibco","Nibco","2024-07-23T09:27:00",12,235.20000457763638,32988,1,32988,22.919999599456794,22.920000076293974,1,22.920000076293974]
["nhcpch","No-Hub Clamps Charlotte","Charlotte","2022-06-01",756,529.19999098777771,32810.400000000001,0.22,7218.2880000000005,0,0,1,0]
["nhftch","Cast Iron Soil NH Ftgs Char","Charlotte","2024-01-18T12:41:15",158,2291,17948.8,0.4,7179.5199999999995,188.02000904083252,188.02000427246094,1,188.02000427246094]
["nhpich","Cast Iron Soil NH Pipe Char","Charlotte","2024-01-18T12:41:15",3324.774169921875,24603.329174497048,103799.44958496094,0.44,45671.757817382808,664.95484389297417,664.954833984375,1,664.954833984375]
["shield","Shields/Saddles","B-Line","2022-06-15",1010,1368.0599777698551,48029.259999999995,0.39,18731.411400000001,232.30000421404873,232.30001068115189,1,232.30001068115189]
["stlpip","Steel Pipe Columbia","Columbia","2024-02-27T07:27:07",260.45492553710938,1508.0340089242964,6786.6739947204587,0.25,1696.6684986801147,57.300083307677596,57.300083160400391,1,57.300083160400391]
["uppera","Upper Attachments","B-Line","2022-06-15",1944,1114.3899968266471,40672,0.2,8134.4000000000005,466.78999772667902,466.78999996185399,1,466.78999996185399]
["wldfit","CS Weld Fittings Weldbend","Weldbend","2022-08-01",20,91.999998092651367,2660,0.75,1995,89.200000762939453,89.199996948242188,1,89.199996948242188]
[null,null,null,null,null,{"$f":"SUM(F10:F27)","v":65624.156954585254},{"$f":"SUM(G10:G27)","v":1973012.2578209543},null,{"$f":"SUM(I10:I27)","v":646413.71561257262},{"$f":"SUM(J10:J27)","v":8758.6659360849153},{"$f":"SUM(K10:K27)","v":8758.6658997535651},null,{"$f":"SUM(M10:M27)","v":8758.6658997535651}]

{"sheet":"PipeDetail","index":9,"n_rows":109,"n_cols":14,"rows_kept":109,"cut":false,"hidden":false,"merged":[[5,3,5,13],[0,3,0,13],[1,3,1,13],[2,3,2,13],[3,3,3,13],[4,3,4,13]]}
[null,null,"Company:",{"$f":"CompanyName","v":"Comfort Systems USA Arkansas"}]
[null,null,"JobName:",{"$f":"JobPath","v":"S:\\FastEST\\FastEST-Local.site\\Jobs\\MERCY 7TH FLOOR.job"}]
[null,null,"Material Set:",{"$f":"PipeCalcMaterialSetName","v":"Factor 1"}]
[null,null,"Labor Set:",{"$f":"PipeCalcLaborSetName","v":1}]
[null,null,"Run Date:",{"$f":"PipeCalcDateTime","v":"2025-01-07T10:20:37"}]
[null,null,"Sort Key:","By Matl Group"]
[]
["Matl",null,null,null,"Matl",null,"Unit","Matl","Net","Net","Unit","Adj","Job","Job"]
["Group","Qty","Size","Description","Group","Wt","Price","Disc","Price","Total","Hours","Hours","Fact","Total"]
["bline6",2156,"⅜","Plain Threaded Rod","bline6",0,2.1949999999999998,0.2,{"$f":"G10*IF(H10=\"Q\",1,H10)","v":0.439},{"$f":"B10*I10","v":946.48400000000004},{"$f":"L10/B10","v":9.0000004405656697E-2},194.04000949859585,{"$f":"IF(L10=0,1,N10/L10)","v":1},194.04000949859585]
["bline6",1032,"½","Plain Threaded Rod","bline6",0,4.532,0.2,0.90640000000000009,935.40480000000014,9.9999999815179402E-2,103.19999980926514,1,103.19999980926514]
["bline6",2248,"⅝","Plain Threaded Rod","bline6",0,8.0879999999999992,0.2,1.6175999999999999,3636.3647999999998,0.10999999988121495,247.27999973297119,1,247.27999973297119]
["bolts",144,"⅝ x3","Hex Head Bolt w/ Nut","bolts",0,0.99,0.8,0.79200000000000004,114.048,0,0,1,0]
["copfcb",162,1,"Wrot Copper C & B 90 Ell","copfcb",29.160001158714245,65.036000000000001,0.25,16.259,2633.9580000000001,0.62999998492959119,102.05999755859378,1,102.05999755859378]
["copfcb",120,"1¼","Wrot Copper C & B 90 Ell","copfcb",33.600000143051176,96.361999999999995,0.25,24.090499999999999,2890.8599999999997,0.7,84,1,84]
["copfcb",18,"1½","Wrot Copper C & B 90 Ell","copfcb",7.2000001072883606,150.28800000000001,0.25,37.572000000000003,676.29600000000005,0.73999998304578996,13.319999694824219,1,13.319999694824219]
["copfcb",336,2,"Wrot Copper C & B 90 Ell","copfcb",252,273.8,0.25,68.45,22999.200000000001,0.85000001816522575,285.60000610351585,1,285.60000610351585]
["copfcb",12,"2½","Wrot Copper C & B 90 Ell","copfcb",14.159999370574955,499.09399999999999,0.25,124.7735,1497.2819999999999,1.3599999745686848,16.319999694824219,1,16.319999694824219]
["copfcb",36,4,"Wrot Copper C & B 90 Ell","copfcb",151.91999244689941,1553.963,0.25,388.49074999999999,13985.666999999999,2.1900001102023663,78.840003967285185,1,78.840003967285185]
["copfcb",12,1,"Wrot Copper C & B 45 Ell","copfcb",1.8000000715255737,92.363,0.25,23.09075,277.089,0.62999999523162842,7.559999942779541,1,7.559999942779541]
["copfcb",12,2,"Wrot Copper C & B 45 Ell","copfcb",7.440000057220459,254,0.25,63.5,762,0.85000006357828806,10.200000762939457,1,10.200000762939457]
["copfcb",30,1,"Wrot Copper C & B Tee","copfcb",8.7300002574920619,145.92500000000001,0.25,36.481250000000003,1094.4375,0.92000001271565879,27.600000381469762,1,27.600000381469762]
["copfcb",36,"1¼","Wrot Copper C & B Tee","copfcb",14.580000042915342,201.25,0.25,50.3125,1811.25,1.0299999448988169,37.079998016357408,1,37.079998016357408]
["copfcb",54,2,"Wrot Copper C & B Tee","copfcb",69.659997940063448,483.42500000000001,0.25,120.85625,6526.2375000000002,1.2600000169542105,68.040000915527372,1,68.040000915527372]
["copfcb",18,4,"Wrot Copper C & B Tee","copfcb",119.15999794006345,2993.75,0.25,748.4375,13471.875,3.2600000169542107,58.680000305175795,1,58.680000305175795]
["copfcb",12,"1¼","Wrot Copper C & B Coupling","copfcb",1.8000000715255737,61.15,0.25,15.2875,183.45,0.69999996821085642,8.399999618530277,1,8.399999618530277]
["copfcb",6,"1½","Wrot Copper C & B Coupling","copfcb",1.3019999563694,82.472999999999999,0.25,20.61825,123.70949999999999,0.74000000953674316,4.440000057220459,1,4.440000057220459]
["copfcb",54,2,"Wrot Copper C & B Coupling","copfcb",21.653999626636555,137.63800000000001,0.25,34.409500000000001,1858.1130000000001,0.85000002825701759,45.900001525878949,1,45.900001525878949]
["copfcb",6,"2½","Wrot Copper C & B Coupling","copfcb",3.7440000772476196,266.50099999999998,0.25,66.625249999999994,399.75149999999996,1.3599999745686844,8.1599998474121058,1,8.1599998474121058]
["copfcb",18,"2x1","Wrot Copper C & B Concentric Red","copfcb",6.8759999871253985,219.238,0.25,54.8095,986.57100000000003,0.73999998304578996,13.319999694824219,1,13.319999694824219]
["copfcb",6,"2½ x2","Wrot Copper C & B Concentric Red","copfcb",3.6719999313354448,418.77499999999998,0.25,104.69374999999999,628.16249999999991,1.1000000635782872,6.600000381469723,1,6.600000381469723]
["copfcb",12,"4x2½","Wrot Copper C & B Concentric Red","copfcb",24.239999771118182,1171.498,0.25,292.87450000000001,3514.4940000000001,1.7699999809265152,21.239999771118182,1,21.239999771118182]
["copfcb",6,"2x1½","Wrot Copper C & B Reducing Tee","copfcb",6.4800002574920628,376.45,0.25,94.112499999999997,564.67499999999995,1.2000000476837163,7.2000002861022976,1,7.2000002861022976]
["copfcb",6,"2½ x2","Wrot Copper C & B Reducing Tee","copfcb",9.9599997997283971,1037.5,0.25,259.375,1556.25,1.7699999809265137,10.619999885559082,1,10.619999885559082]
["copfcb",6,"1½ x1¼ x1¼","Wrot Copper C & B Reducing Tee","copfcb",3.839999914169316,472.13799999999998,0.25,118.03449999999999,708.20699999999999,1.0499999523162837,6.2999997138977024,1,6.2999997138977024]
["copfcb",6,"2x1x2","Wrot Copper C & B Reducing Tee","copfcb",7.7399997711181623,629.31299999999999,0.25,157.32825,943.96949999999993,1.1499999364217128,6.899999618530277,1,6.899999618530277]
["copfcb",6,"2½ x2x2","Wrot Copper C & B Reducing Tee","copfcb",9.7799999713897741,1300,0.25,325,1950,1.5199999809265137,9.119999885559082,1,9.119999885559082]
["copfit",1200,"½","Wrot Copper 90 Ell","copfit",47.999998927116394,9.6300000000000008,0.2,1.9260000000000002,2311.2000000000003,0.4,480,1,480]
["copfit",1750,"¾","Wrot Copper 90 Ell","copfit",175.00000260770304,21.22,0.2,4.2439999999999998,7427,0.52999996512276804,927.49993896484398,1,927.49993896484398]
["copfit",600,1,"Wrot Copper 90 Ell","copfit",108.00000429153442,52.03,0.2,10.406000000000001,6243.6,0.63,378,1,378]
["copfit",150,"1½","Wrot Copper 90 Ell","copfit",60.000000894069672,120.23,0.2,24.046000000000003,3606.9000000000005,0.74,111,1,111]
["copfit",150,2,"Wrot Copper 90 Ell","copfit",112.5,219.04,0.2,{"$f":"G42*IF(H42=\"Q\",1,H42)","v":43.808},{"$f":"B42*I42","v":6571.2},{"$f":"L42/B42","v":0.85},127.5,{"$f":"IF(L42=0,1,N42/L42)","v":1},127.5]
["copfit",150,"2½","Wrot Copper 90 Ell","copfit",176.99999213218689,399.28,0.2,79.855999999999995,11978.4,1.36,204,1,204]
["copfit",75,"½","Wrot Copper Tee","copfit",3.7500000558793545,16.170000000000002,0.2,3.2340000000000004,242.55000000000004,0.56999999999999995,42.75,1,42.75]
["copfit",74,2,"Wrot Copper Coupling","copfit",29.673999488353729,110.11,0.2,22.022000000000002,1629.6280000000002,0.85000002061998525,62.900001525878906,1,62.900001525878906]
["copfit",252,"2½","Wrot Copper Coupling","copfit",157.24800324440002,213.2,0.2,42.64,10745.28,1.3600000048440599,342.72000122070313,1,342.72000122070313]
["copfit",160,"¾","Wrot Copper Male Adapter","copfit",18.559999465942383,33.18,0.2,6.6360000000000001,1061.76,0.28999998569488528,46.399997711181641,1,46.399997711181641]
["copfit",75,"1x¾","Wrot Copper Reducing Tee","copfit",16.725000366568565,119.39,0.2,23.878,1790.85,0.87,65.25,1,65.25]
["copfit",75,"1½ x1","Wrot Copper Reducing Tee","copfit",45.750001072883606,184.7,0.2,36.94,2770.5,1.03,77.25,1,77.25]
["copfit",150,"2x1","Wrot Copper Reducing Tee","copfit",148.50000143051147,301.16000000000003,0.2,60.232000000000006,9034.8000000000011,1.1399999999999999,171,1,171]
["copfit",150,"2½ x2","Wrot Copper Reducing Tee","copfit",248.99999499320984,830,0.2,166,24900,1.77,265.5,1,265.5]
["copfit",18,4,"150# Wrot Copper Flange","copfit",185.21999931335444,2120.92,0.2,424.18400000000003,7635.3120000000008,1.6300000084771025,29.340000152587844,1,29.340000152587844]
["coptub",1555.2237548828125,2,"Type L Hard Copper Tube","coptub",2721.6415710449219,46.23,0.4,18.492000000000001,28759.19767529297,9.0000000392452567E-2,139.97013854980469,1,139.97013854980469]
["coptub",6203.0478515625,"2½","Type L Hard Copper Tube","coptub",15383.558790188748,66.69,0.4,26.676000000000002,165472.50448828127,0.11999999685134623,744.36572265625,1,744.36572265625]
["coptub",1216.5258178710938,1,"Type L Oxygen Copper Tube","coptub",796.82437590048403,18.739999999999998,0.4,7.4959999999999996,9119.0775307617187,7.0000002884872209E-2,85.15681076049809,1,85.15681076049809]
["coptub",1082.180541992187,"1¼","Type L Oxygen Copper Tube","coptub",956.64760273326078,24.97,0.4,9.9879999999999995,10808.819253417963,7.9999996897991185E-2,86.574440002441378,1,86.574440002441378]
["coptub",214.73744964599578,"1½","Type L Oxygen Copper Tube","coptub",244.80068952459203,32.44,0.4,12.975999999999999,2786.4331466064409,8.0000000532934254E-2,17.178996086120605,1,17.178996086120605]
["coptub",3155.3780517578125,2,"Type L Oxygen Copper Tube","coptub",5521.9115905761701,48.94,0.4,19.576000000000001,61769.680741210941,9.0000004642371512E-2,283.98403930664028,1,283.98403930664028]
["coptub",307.51086425781227,"2½","Type L Oxygen Copper Tube","coptub",762.62694922467961,70.36,0.4,28.144000000000002,8654.5857636718683,0.11999999553417069,36.901302337646442,1,36.901302337646442]
["coptub",304.10876464843773,4,"Type L Oxygen Copper Tube","coptub",1636.1051886110799,170.2,0.4,68.08,20703.724697265639,0.18000000200701735,54.739578247070355,1,54.739578247070355]
["fnwhgr",394,"⅜","Hex Nuts","fnwhgr",0,0.308,1,0.308,121.352,5.0000001936394554E-2,19.700000762939453,1,19.700000762939453]
["fnwhgr",1626,"½","Hex Nuts","fnwhgr",0,0.69599999999999995,1,0.69599999999999995,1131.6959999999999,4.9999999970674225E-2,81.299999952316284,1,81.299999952316284]
["fnwhgr",1100,"⅝","Hex Nuts","fnwhgr",0,1.3919999999999999,1,1.3919999999999999,1531.1999999999998,0.05,55,1,55]
["fnwhgr",394,"⅜","Plain Washer","fnwhgr",0,0.27,1,0.27,106.38000000000001,0,0,1,0]
["fnwhgr",1626,"½","Plain Washer","fnwhgr",0,0.64,1,0.64,1040.6400000000001,0,0,1,0]
["fnwhgr",1100,"⅝","Plain Washer","fnwhgr",0,1.2749999999999999,1,1.2749999999999999,1402.5,0,0,1,0]
["gasket",18,"4x⅛","150# Red Rubber FF Gasket","gasket",0,1.1499999999999999,1,1.1499999999999999,20.7,0,0,1,0]
["hanger",48,1,"Copper Adj Swivel Ring Hanger","hanger",4.8000000715255773,4.82,0.2,0.96400000000000008,46.272000000000006,0.20999999841054287,10.079999923706058,1,10.079999923706058]
["hanger",66,"1¼","Copper Adj Swivel Ring Hanger","hanger",7.9199998229742024,4.82,0.2,0.96400000000000008,63.624000000000002,0.20999999479814005,13.859999656677243,1,13.859999656677243]
["hanger",24,"1½","Copper Adj Swivel Ring Hanger","hanger",2.8799999356269819,5.26,0.2,1.052,25.248000000000001,0.20999999841054265,5.0399999618530238,1,5.0399999618530238]
["hanger",204,2,"Copper Adj Swivel Ring Hanger","hanger",24.479999452829382,5.26,0.2,1.052,214.608,0.21000000074797964,42.840000152587848,1,42.840000152587848]
["hanger",30,"2½","Copper Adj Swivel Ring Hanger","hanger",9.3000000715255773,13.79,0.2,2.758,82.74,0.2300000031789145,6.9000000953674352,1,6.9000000953674352]
["hanger",12,4,"Copper Adj Swivel Ring Hanger","hanger",4.8000000715255773,22.41,0.2,4.4820000000000002,53.784000000000006,0.25,3,1,3]
["hanger",550,4,"Plain Standard Clevis Hanger","hanger",951.50001049041748,22.51,0.2,{"$f":"G74*IF(H74=\"Q\",1,H74)","v":4.5020000000000007},{"$f":"B74*I74","v":2476.1000000000004},{"$f":"L74/B74","v":0.25},137.5,{"$f":"IF(L74=0,1,N74/L74)","v":1},137.5]
["hanger",977,5,"Plain Standard Clevis Hanger","hanger",2393.6500465869904,31.16,0.2,6.2320000000000002,6088.6639999999998,0.25999998485053699,254.01998519897467,1,254.01998519897467]
["hanger",33,6,"Plain Standard Clevis Hanger","hanger",105.60000157356262,38.520000000000003,0.2,7.7040000000000006,254.23200000000003,0.27000002427534625,8.9100008010864258,1,8.9100008010864258]
["joint",2625,"½","Lead-Free Solder Joints","joint",0,0.2,1,0.2,525,0,0,1,0]
["joint",3075,"¾","Lead-Free Solder Joints","joint",0,0.24,1,0.24,738,0,0,1,0]
["joint",1575,1,"Lead-Free Solder Joints","joint",0,0.36,1,0.36,567,0,0,1,0]
["joint",450,"1½","Lead-Free Solder Joints","joint",0,0.48,1,0.48,216,0,0,1,0]
["joint",750,2,"Lead-Free Solder Joints","joint",0,0.6,1,0.6,450,0,0,1,0]
["joint",1104,"2½","Lead-Free Solder Joints","joint",0,0.8,1,0.8,883.2,0,0,1,0]
["joint",820,"¾","95/5 Solder Joints","joint",4.9200000427663326,0.48,1,0.48,393.59999999999997,0,0,1,0]
["joint",148,2,"95/5 Solder Joints","joint",3.552000030875206,1.2,1,1.2,177.6,0,0,1,0]
["joint",462,1,"Silfos Joints","joint",0,2.16,1,2.16,997.92000000000007,2.8999999488070922E-2,13.397999763488766,1,13.397999763488766]
["joint",384,"1¼","Silfos Joints","joint",0,2.64,1,2.64,1013.76,2.8999999165534963E-2,11.135999679565426,1,11.135999679565426]
["joint",60,"1½","Silfos Joints","joint",0,2.88,1,2.88,172.79999999999998,2.9000000158945726E-2,1.7400000095367436,1,1.7400000095367436]
["joint",1032,2,"Silfos Joints","joint",0,3.6,1,3.6,3715.2000000000003,2.8999999512073625E-2,29.927999496459982,1,29.927999496459982]
["joint",96,"2½","Silfos Joints","joint",0,4.8,1,4.8,460.79999999999995,5.0000001986821474E-2,4.8000001907348615,1,4.8000001907348615]
["joint",156,4,"Silfos Joints","joint",0,8.16,1,8.16,1272.96,6.3000000440157397E-2,9.8280000686645543,1,9.8280000686645543]
["joint",160,"¾","Male Iron Pipe Thread Joints","joint",0,0,1,0,0,0,0,1,0]
["joint",18,4,"150# Flange Joints","joint",0,0,1,0,0,0,0,1,0]
["joint",20,1,"Sch 40 Butt Weld Joints","joint",0,0.8,1,0.8,16,0,0,1,0]
["joint",40,"2½","Sch 40 Butt Weld Joints","joint",0,1.2,1,1.2,48,0,0,1,0]
["joint",12,"2½","Sch 40 Butt Weld Pipe Joint","joint",0,1.2,1,1.2,14.399999999999999,1.8500000635782878,22.200000762939453,1,22.200000762939453]
["milbal",80,"¾","BA450 2Pc FP Brnz Swt Ball Valve w/CP Ball","milbal",0,99.21,0.35,34.723499999999994,2777.8799999999997,0.55000000000000004,44,1,44]
["nbball",12,"2½","200# 3Pc FP SS B&S Swt Ball Vlv","nbball",235.20000457763638,2749,1,2749,32988,1.9100000063578311,22.920000076293974,1,22.920000076293974]
["nhcpch",756,4,"No-hub Couplings","nhcpch",529.19999098777771,43.4,0.22,9.548,7218.2880000000005,0,0,1,0]
["nhftch",158,4,"NH CI Soil Combo","nhftch",2291,113.6,0.4,45.44,7179.5199999999995,1.1900000270408919,188.02000427246094,1,188.02000427246094]
["nhpich",3324.774169921875,4,"No-Hub Cast Iron Soil Pipe","nhpich",24603.329174497048,31.22,0.44,13.736799999999999,45671.757817382808,0.2,664.954833984375,1,664.954833984375]
["shield",780,"4½ x12","Galv Insulation Prot Shield","shield",1006.1999702453613,46.6,0.39,18.173999999999999,14175.72,0.23000001173753004,179.40000915527344,1,179.40000915527344]
["shield",197,"5x12","Galv Insulation Prot Shield","shield",289.59000563621521,49.91,0.39,19.4649,3834.5853000000002,0.23000000697102038,45.310001373291016,1,45.310001373291016]
["shield",33,"6x12","Galv Insulation Prot Shield","shield",72.270001888275146,56.03,0.39,21.851700000000001,721.10610000000008,0.23000000462387549,7.5900001525878906,1,7.5900001525878906]
["stlpip",260.45492553710938,"2½","Sch 40 ERW Blk Stl Pipe A53B PE","stlpip",1508.0340089242964,26.056999999999999,0.25,6.5142499999999997,1696.6684986801147,0.2199999982424457,57.300083160400391,1,57.300083160400391]
["uppera",539,"⅜","Plain Wide Jaw Top C-Clamp","uppera",291.06001156568539,13.07,0.2,2.6140000000000003,1408.9460000000001,0.23000000668810577,123.97000360488902,1,123.97000360488902]
["uppera",843,"½","Plain Wide Jaw Top C-Clamp","uppera",429.92999196052546,17.97,0.2,{"$f":"G106*IF(H106=\"Q\",1,H106)","v":3.5939999999999999},{"$f":"B106*I106","v":3029.7419999999997},{"$f":"L106/B106","v":0.23999999567848612},202.3199963569638,{"$f":"IF(L106=0,1,N106/L106)","v":1},202.3199963569638]
["uppera",562,"⅝","Plain Wide Jaw Top C-Clamp","uppera",393.39999330043793,32.880000000000003,0.2,6.5760000000000005,3695.7120000000004,0.25,140.5,1,140.5]
["wldfit",20,"2½ x1","Std Wt Steel Weld Red Tee","wldfit",91.999998092651367,133,0.75,99.75,1995,4.4599998474121092,89.199996948242188,1,89.199996948242188]
[null,null,null,null,null,{"$f":"SUM(F10:F108)","v":65624.156954585254},null,null,null,{"$f":"SUM(J10:J108)","v":646413.71561257169},null,{"$f":"SUM(L10:L108)","v":8758.6658997535706},null,{"$f":"SUM(N10:N108)","v":8758.6658997535706}]

{"sheet":"PipeEquipment","index":10,"n_rows":10,"n_cols":15,"rows_kept":10,"cut":false,"hidden":false,"merged":[[7,13,7,14],[0,8,0,14],[1,8,1,14],[2,8,2,14],[3,8,3,14],[4,8,4,14],[5,8,5,14],[7,10,7,11]]}
[null,null,null,null,null,null,null,"Company:",{"$f":"CompanyName","v":"Comfort Systems USA Arkansas"}]
[null,null,null,null,null,null,null,"JobName:",{"$f":"JobPath","v":"S:\\FastEST\\FastEST-Local.site\\Jobs\\MERCY 7TH FLOOR.job"}]
[null,null,null,null,null,null,null,"Material Set:",{"$f":"PipeCalcMaterialSetName","v":"Factor 1"}]
[null,null,null,null,null,null,null,"Labor Set:",{"$f":"PipeCalcLaborSetName","v":1}]
[null,null,null,null,null,null,null,"Run Date:",{"$f":"PipeCalcDateTime","v":"2025-01-07T10:20:37"}]
[null,null,null,null,null,null,null,"Expanded View:"]
[]
[" ",null,null,null,null,null,null,null,null,"Matl","Quote Info",null,"Cost","Quoted Costs"]
["Code","S1","S2","S3","S4","Qty","Mark","Size","Description","Group","Source","Date","Code","Unit","Total"]
[null,null,null,null,null,null,null,null,null,null,null,null,null,null,0]

{"sheet":"PipeFixtures","index":11,"n_rows":10,"n_cols":15,"rows_kept":10,"cut":false,"hidden":false,"merged":[[7,13,7,14],[0,8,0,14],[1,8,1,14],[2,8,2,14],[3,8,3,14],[4,8,4,14],[5,8,5,14],[7,10,7,11]]}
[null,null,null,null,null,null,null,"Company:",{"$f":"CompanyName","v":"Comfort Systems USA Arkansas"}]
[null,null,null,null,null,null,null,"JobName:",{"$f":"JobPath","v":"S:\\FastEST\\FastEST-Local.site\\Jobs\\MERCY 7TH FLOOR.job"}]
[null,null,null,null,null,null,null,"Material Set:",{"$f":"PipeCalcMaterialSetName","v":"Factor 1"}]
[null,null,null,null,null,null,null,"Labor Set:",{"$f":"PipeCalcLaborSetName","v":1}]
[null,null,null,null,null,null,null,"Run Date:",{"$f":"PipeCalcDateTime","v":"2025-01-07T10:20:37"}]
[null,null,null,null,null,null,null,"Expanded View:"]
[]
[" ",null,null,null,null,null,null,null,null,"Matl","Quote Info",null,"Cost","Quoted Costs"]
["Code","S1","S2","S3","S4","Qty","Mark","Size","Description","Group","Source","Date","Code","Unit","Total"]
[null,null,null,null,null,null,null,null,null,null,null,null,null,null,0]

{"sheet":"PipeSpecialties","index":12,"n_rows":10,"n_cols":15,"rows_kept":10,"cut":false,"hidden":false,"merged":[[7,13,7,14],[0,8,0,14],[1,8,1,14],[2,8,2,14],[3,8,3,14],[4,8,4,14],[5,8,5,14],[7,10,7,11]]}
[null,null,null,null,null,null,null,"Company:",{"$f":"CompanyName","v":"Comfort Systems USA Arkansas"}]
[null,null,null,null,null,null,null,"JobName:",{"$f":"JobPath","v":"S:\\FastEST\\FastEST-Local.site\\Jobs\\MERCY 7TH FLOOR.job"}]
[null,null,null,null,null,null,null,"Material Set:",{"$f":"PipeCalcMaterialSetName","v":"Factor 1"}]
[null,null,null,null,null,null,null,"Labor Set:",{"$f":"PipeCalcLaborSetName","v":1}]
[null,null,null,null,null,null,null,"Run Date:",{"$f":"PipeCalcDateTime","v":"2025-01-07T10:20:37"}]
[null,null,null,null,null,null,null,"Expanded View:"]
[]
[" ",null,null,null,null,null,null,null,null,"Matl","Quote Info",null,"Cost","Quoted Costs"]
["Code","S1","S2","S3","S4","Qty","Mark","Size","Description","Group","Source","Date","Code","Unit","Total"]
[null,null,null,null,null,null,null,null,null,null,null,null,null,null,0]

{"sheet":"PipeOther","index":13,"n_rows":10,"n_cols":15,"rows_kept":10,"cut":false,"hidden":false,"merged":[[7,13,7,14],[0,8,0,14],[1,8,1,14],[2,8,2,14],[3,8,3,14],[4,8,4,14],[5,8,5,14],[7,10,7,11]]}
[null,null,null,null,null,null,null,"Company:",{"$f":"CompanyName","v":"Comfort Systems USA Arkansas"}]
[null,null,null,null,null,null,null,"JobName:",{"$f":"JobPath","v":"S:\\FastEST\\FastEST-Local.site\\Jobs\\MERCY 7TH FLOOR.job"}]
[null,null,null,null,null,null,null,"Material Set:",{"$f":"PipeCalcMaterialSetName","v":"Factor 1"}]
[null,null,null,null,null,null,null,"Labor Set:",{"$f":"PipeCalcLaborSetName","v":1}]
[null,null,null,null,null,null,null,"Run Date:",{"$f":"PipeCalcDateTime","v":"2025-01-07T10:20:37"}]
[null,null,null,null,null,null,null,"Expanded View:"]
[]
[" ",null,null,null,null,null,null,null,null,"Matl","Quote Info",null,"Cost","Quoted Costs"]
["Code","S1","S2","S3","S4","Qty","Mark","Size","Description","Group","Source","Date","Code","Unit","Total"]
[null,null,null,null,null,null,null,null,null,null,null,null,null,null,0]

{"sheet":"PipeExceptions","index":14,"n_rows":9,"n_cols":4,"rows_kept":9,"cut":false,"hidden":false,"merged":[]}
[null,null,"Company:",{"$f":"CompanyName","v":"Comfort Systems USA Arkansas"}]
[null,null,"JobName:",{"$f":"JobPath","v":"S:\\FastEST\\FastEST-Local.site\\Jobs\\MERCY 7TH FLOOR.job"}]
[null,null,"Material Set:",{"$f":"PipeCalcMaterialSetName","v":"Factor 1"}]
[null,null,"Labor Set:",{"$f":"PipeCalcLaborSetName","v":1}]
[null,null,"Run Date:",{"$f":"PipeCalcDateTime","v":"2025-01-07T10:20:37"}]
[]
[]
[" "]
["Sect","Qty","Size","Description"]

{"sheet":"Extra","index":15,"n_rows":46,"n_cols":6,"rows_kept":46,"cut":false,"hidden":false,"merged":[[3,2,3,3],[3,4,3,5],[0,0,0,5]]}
["Extra"]
[]
[]
[null,null,"Material",null,"Labor"]
["Description","Quantity","Unit","Total","Unit","Total"]
[null,null,null,{"$f":"SUM(B6*C6)","v":0},null,{"$f":"SUM(B6*E6)","v":0}]
[null,null,null,{"$f":"SUM(B7*C7)","v":0},null,{"$f":"SUM(B7*E7)","v":0}]
[null,null,null,0,null,0]
[null,null,null,0,null,0]
[null,null,null,0,null,0]
[null,null,null,0,null,0]
[null,null,null,0,null,0]
[null,null,null,0,null,0]
[null,null,null,0,null,0]
[null,null,null,0,null,0]
[null,null,null,0,null,0]
[null,null,null,0,null,0]
[null,null,null,0,null,0]
[null,null,null,0,null,0]
[null,null,null,0,null,0]
[null,null,null,0,null,0]
[null,null,null,0,null,0]
[null,null,null,0,null,0]
[null,null,null,0,null,0]
[null,null,null,0,null,0]
[null,null,null,0,null,0]
[null,null,null,0,null,0]
[null,null,null,0,null,0]
[null,null,null,0,null,0]
[null,null,null,0,null,0]
[null,null,null,0,null,0]
[null,null,null,0,null,0]
[null,null,null,0,null,0]
[null,null,null,0,null,0]
[null,null,null,0,null,0]
[null,null,null,0,null,0]
[null,null,null,0,null,0]
[null,null,null,0,null,0]
[null,null,null,0,null,0]
[null,null,null,0,null,0]
[null,null,null,0,null,0]
[null,null,null,0,null,0]
[null,null,null,0,null,0]
[null,null,null,0,null,0]
[null,null,null,0,null,0]
["Total",null,null,{"$f":"SUM(D6:D45)","v":0},null,{"$f":"SUM(F6:F45)","v":0}]

{"sheet":"PipeData","index":16,"n_rows":194,"n_cols":58,"rows_kept":194,"cut":false,"hidden":true,"merged":[]}
[193,"Parent","ExceptionID","SectionID","Multiplier","SpecName","SpecDescription","AreaName","SystemName","Remarks","MaterialGroupCode","MaterialGroupName","MaterialGroupID","Manufacturer","PartNumber","UnitPriceDate","Quantity","Description","TagName","ZoneName","UnitWeight","UnitVolume","UnitSurfaceArea","DiameterInches","FamilyID","CostCode","RFU","RFU","PartSize","PartSize1","PartSize2","PartSize3","PartSize4","PartName","UnitPrice","UnitPriceType","MatlDisc","UnitHours","AdjustedHours","JobFactor","PrimarySortKey","SecondarySortKey","LaborGroupCode","LaborGroupName","LaborGroupID","PlanName","OptionalHeader1","OptionalHeader2","OptionalHeader3","OptionalHeader4","ListPrice","SpecName1","SpecName2","SpecType","PartKey","GroupID","ClassID","TypeID"]
[145,-4,0,4,3,"MEDAIR","Cleaned/Capped Copper Med Air","7th floor","Med Gas","Above","","",-1,"","","12:00:00 AM",24,"Suspended Hanger","<None>","<None>",0,0,0,0,44,"<None>",null,null,"1",64,0,0,0,"Suspended",0,"V",0,0,0,0,74752,99,"","",-1,"Plumbing#0011.pdf",null,null,null,null,0,"MEDAIR","",1,null,0,0,0]
[149,-4,0,4,3,"MEDAIR","Cleaned/Capped Copper Med Air","7th floor","Med Gas","Above","","",-1,"","","12:00:00 AM",24,"Suspended Hanger","<None>","<None>",0,0,0,0,44,"<None>",null,null,"1",64,0,0,0,"Suspended",0,"V",0,0,0,0,74752,99,"","",-1,"Plumbing#0012.pdf",null,null,null,null,0,"MEDAIR","",1,null,0,0,0]
[153,-4,0,4,3,"MEDAIR","Cleaned/Capped Copper Med Air","7th floor","Med Gas","Above","","",-1,"","","12:00:00 AM",33,"Suspended Hanger","<None>","<None>",0,0,0,0,44,"<None>",null,null,"1¼",80,0,0,0,"Suspended",0,"V",0,0,0,0,75776,100,"","",-1,"Plumbing#0011.pdf",null,null,null,null,0,"MEDAIR","",1,null,0,0,0]
[157,-4,0,4,3,"MEDAIR","Cleaned/Capped Copper Med Air","7th floor","Med Gas","Above","","",-1,"","","12:00:00 AM",33,"Suspended Hanger","<None>","<None>",0,0,0,0,44,"<None>",null,null,"1¼",80,0,0,0,"Suspended",0,"V",0,0,0,0,75776,100,"","",-1,"Plumbing#0012.pdf",null,null,null,null,0,"MEDAIR","",1,null,0,0,0]
[161,-4,0,4,3,"MEDAIR","Cleaned/Capped Copper Med Air","7th floor","Med Gas","Above","","",-1,"","","12:00:00 AM",12,"Suspended Hanger","<None>","<None>",0,0,0,0,44,"<None>",null,null,"1½",96,0,0,0,"Suspended",0,"V",0,0,0,0,76800,101,"","",-1,"Plumbing#0011.pdf",null,null,null,null,0,"MEDAIR","",1,null,0,0,0]
[165,-4,0,4,3,"MEDAIR","Cleaned/Capped Copper Med Air","7th floor","Med Gas","Above","","",-1,"","","12:00:00 AM",12,"Suspended Hanger","<None>","<None>",0,0,0,0,44,"<None>",null,null,"1½",96,0,0,0,"Suspended",0,"V",0,0,0,0,76800,101,"","",-1,"Plumbing#0012.pdf",null,null,null,null,0,"MEDAIR","",1,null,0,0,0]
[169,-4,0,4,3,"MEDAIR","Cleaned/Capped Copper Med Air","7th floor","Med Gas","Above","","",-1,"","","12:00:00 AM",102,"Suspended Hanger","<None>","<None>",0,0,0,0,44,"<None>",null,null,"2",128,0,0,0,"Suspended",0,"V",0,0,0,0,77824,102,"","",-1,"Plumbing#0011.pdf",null,null,null,null,0,"MEDAIR","",1,null,0,0,0]
[173,-4,0,4,3,"MEDAIR","Cleaned/Capped Copper Med Air","7th floor","Med Gas","Above","","",-1,"","","12:00:00 AM",102,"Suspended Hanger","<None>","<None>",0,0,0,0,44,"<None>",null,null,"2",128,0,0,0,"Suspended",0,"V",0,0,0,0,77824,102,"","",-1,"Plumbing#0012.pdf",null,null,null,null,0,"MEDAIR","",1,null,0,0,0]
[49,-7,0,3,1,"HWSHWR4","Copper/Welded Heating Water","7th floor","Heating Water","Above","","",-1,"","","12:00:00 AM",197,"Suspended Hanger","<None>","<None>",0,0,0,0,44,"<None>",null,null,"2",128,0,0,0,"Suspended",0,"V",0,0,0,0,78848,102,"","",-1,"Mechanical#0010.pdf",null,null,null,null,0,"HWSHWR4","",1,null,0,0,0]
[177,-4,0,4,3,"MEDAIR","Cleaned/Capped Copper Med Air","7th floor","Med Gas","Above","","",-1,"","","12:00:00 AM",15,"Suspended Hanger","<None>","<None>",0,0,0,0,44,"<None>",null,null,"2½",160,0,0,0,"Suspended",0,"V",0,0,0,0,79872,103,"","",-1,"Plumbing#0011.pdf",null,null,null,null,0,"MEDAIR","",1,null,0,0,0]
[181,-4,0,4,3,"MEDAIR","Cleaned/Capped Copper Med Air","7th floor","Med Gas","Above","","",-1,"","","12:00:00 AM",15,"Suspended Hanger","<None>","<None>",0,0,0,0,44,"<None>",null,null,"2½",160,0,0,0,"Suspended",0,"V",0,0,0,0,79872,103,"","",-1,"Plumbing#0012.pdf",null,null,null,null,0,"MEDAIR","",1,null,0,0,0]
[29,-7,0,2,3,"DOMWATER","Copper Domestic Water","All 7th Floor","Water","Above","","",-1,"","","12:00:00 AM",780,"Suspended Hanger","<None>","<None>",0,0,0,0,44,"<None>",null,null,"2½",160,0,0,0,"Suspended",0,"V",0,0,0,0,80896,103,"","",-1,"Plumbing#0007.pdf",null,null,null,null,0,"DOMWATER","",1,null,0,0,0]
[56,-7,0,3,1,"HWSHWR4","Copper/Welded Heating Water","7th floor","Heating Water","Above","","",-1,"","","12:00:00 AM",33,"Suspended Hanger","<None>","<None>",0,0,0,0,44,"<None>",null,null,"2½",160,0,0,0,"Suspended",0,"V",0,0,0,0,81920,103,"","",-1,"Mechanical#0010.pdf",null,null,null,null,0,"HWSHWR4","",1,null,0,0,0]
[185,-4,0,4,3,"MEDAIR","Cleaned/Capped Copper Med Air","7th floor","Med Gas","Above","","",-1,"","","12:00:00 AM",6,"Suspended Hanger","<None>","<None>",0,0,0,0,44,"<None>",null,null,"4",256,0,0,0,"Suspended",0,"V",0,0,0,0,82944,104,"","",-1,"Plumbing#0011.pdf",null,null,null,null,0,"MEDAIR","",1,null,0,0,0]
[189,-4,0,4,3,"MEDAIR","Cleaned/Capped Copper Med Air","7th floor","Med Gas","Above","","",-1,"","","12:00:00 AM",6,"Suspended Hanger","<None>","<None>",0,0,0,0,44,"<None>",null,null,"4",256,0,0,0,"Suspended",0,"V",0,0,0,0,82944,104,"","",-1,"Plumbing#0012.pdf",null,null,null,null,0,"MEDAIR","",1,null,0,0,0]
[3,-6,0,1,1,"NO-HUBCH","Above Grade No-Hub DWV","All 7th Floor","DWV","Above","","",-1,"","","12:00:00 AM",550,"Suspended Hanger","<None>","<None>",0,0,0,0,44,"<None>",null,null,"4",256,0,0,0,"Suspended",0,"V",0,0,0,0,83968,104,"","",-1,"Plumbing#0004.pdf",null,null,null,null,0,"NO-HUBCH","",1,null,0,0,0]
[148,0,0,4,3,"MEDAIR","Cleaned/Capped Copper Med Air","7th floor","Med Gas","Above","bline6","Threaded Rod",198,"B-Line","B3205","6/15/2022",96,"Plain Threaded Rod","<None>","<None>",0,0,0,0,5,"<None>",null,null,"⅜",-128,24,0,0,"",2.1949999999999998,"V",0.2,9.0000003576278687E-2,8.6400003433227539,1,74755,73,"hngrod","Hanger Rod",52,"Plumbing#0011.pdf",null,null,null,null,2.1949999999999998,"MEDAIR","",1,"HE32421FF800018",36,33,0]
[152,0,0,4,3,"MEDAIR","Cleaned/Capped Copper Med Air","7th floor","Med Gas","Above","bline6","Threaded Rod",198,"B-Line","B3205","6/15/2022",96,"Plain Threaded Rod","<None>","<None>",0,0,0,0,5,"<None>",null,null,"⅜",-128,24,0,0,"",2.1949999999999998,"V",0.2,9.0000003576278687E-2,8.6400003433227539,1,74755,73,"hngrod","Hanger Rod",52,"Plumbing#0012.pdf",null,null,null,null,2.1949999999999998,"MEDAIR","",1,"HE32421FF800018",36,33,0]
[156,0,0,4,3,"MEDAIR","Cleaned/Capped Copper Med Air","7th floor","Med Gas","Above","bline6","Threaded Rod",198,"B-Line","B3205","6/15/2022",132,"Plain Threaded Rod","<None>","<None>",0,0,0,0,5,"<None>",null,null,"⅜",-128,24,0,0,"",2.1949999999999998,"V",0.2,9.0000003576278687E-2,11.880000114440918,1,75779,73,"hngrod","Hanger Rod",52,"Plumbing#0011.pdf",null,null,null,null,2.1949999999999998,"MEDAIR","",1,"HE32421FF800018",36,33,0]
[160,0,0,4,3,"MEDAIR","Cleaned/Capped Copper Med Air","7th floor","Med Gas","Above","bline6","Threaded Rod",198,"B-Line","B3205","6/15/2022",132,"Plain Threaded Rod","<None>","<None>",0,0,0,0,5,"<None>",null,null,"⅜",-128,24,0,0,"",2.1949999999999998,"V",0.2,9.0000003576278687E-2,11.880000114440918,1,75779,73,"hngrod","Hanger Rod",52,"Plumbing#0012.pdf",null,null,null,null,2.1949999999999998,"MEDAIR","",1,"HE32421FF800018",36,33,0]
[164,0,0,4,3,"MEDAIR","Cleaned/Capped Copper Med Air","7th floor","Med Gas","Above","bline6","Threaded Rod",198,"B-Line","B3205","6/15/2022",48,"Plain Threaded Rod","<None>","<None>",0,0,0,0,5,"<None>",null,null,"⅜",-128,24,0,0,"",2.1949999999999998,"V",0.2,9.0000003576278687E-2,4.320000171661377,1,76803,73,"hngrod","Hanger Rod",52,"Plumbing#0011.pdf",null,null,null,null,2.1949999999999998,"MEDAIR","",1,"HE32421FF800018",36,33,0]
[168,0,0,4,3,"MEDAIR","Cleaned/Capped Copper Med Air","7th floor","Med Gas","Above","bline6","Threaded Rod",198,"B-Line","B3205","6/15/2022",48,"Plain Threaded Rod","<None>","<None>",0,0,0,0,5,"<None>",null,null,"⅜",-128,24,0,0,"",2.1949999999999998,"V",0.2,9.0000003576278687E-2,4.320000171661377,1,76803,73,"hngrod","Hanger Rod",52,"Plumbing#0012.pdf",null,null,null,null,2.1949999999999998,"MEDAIR","",1,"HE32421FF800018",36,33,0]
[172,0,0,4,3,"MEDAIR","Cleaned/Capped Copper Med Air","7th floor","Med Gas","Above","bline6","Threaded Rod",198,"B-Line","B3205","6/15/2022",408,"Plain Threaded Rod","<None>","<None>",0,0,0,0,5,"<None>",null,null,"⅜",-128,24,0,0,"",2.1949999999999998,"V",0.2,9.0000003576278687E-2,36.720001220703125,1,77827,73,"hngrod","Hanger Rod",52,"Plumbing#0011.pdf",null,null,null,null,2.1949999999999998,"MEDAIR","",1,"HE32421FF800018",36,33,0]
[176,0,0,4,3,"MEDAIR","Cleaned/Capped Copper Med Air","7th floor","Med Gas","Above","bline6","Threaded Rod",198,"B-Line","B3205","6/15/2022",408,"Plain Threaded Rod","<None>","<None>",0,0,0,0,5,"<None>",null,null,"⅜",-128,24,0,0,"",2.1949999999999998,"V",0.2,9.0000003576278687E-2,36.720001220703125,1,77827,73,"hngrod","Hanger Rod",52,"Plumbing#0012.pdf",null,null,null,null,2.1949999999999998,"MEDAIR","",1,"HE32421FF800018",36,33,0]
[54,0,0,3,1,"HWSHWR4","Copper/Welded Heating Water","7th floor","Heating Water","Above","bline6","Threaded Rod",198,"B-Line","B3205","6/15/2022",788,"Plain Threaded Rod","<None>","<None>",0,0,0,0,5,"<None>",null,null,"⅜",-128,24,0,0,"",2.1949999999999998,"V",0.2,9.0000003576278687E-2,70.920005798339844,1,78853,73,"hngrod","Hanger Rod",52,"Mechanical#0010.pdf",null,null,null,null,2.1949999999999998,"HWSHWR4","",1,"HE32421FF800018",36,33,0]
[180,0,0,4,3,"MEDAIR","Cleaned/Capped Copper Med Air","7th floor","Med Gas","Above","bline6","Threaded Rod",198,"B-Line","B3205","6/15/2022",60,"Plain Threaded Rod","<None>","<None>",0,0,0,0,5,"<None>",null,null,"½",-224,32,0,0,"",4.532,"V",0.2,0.10000000149011612,6,1,79875,74,"hngrod","Hanger Rod",52,"Plumbing#0011.pdf",null,null,null,null,4.532,"MEDAIR","",1,"HE32421FF200020",36,33,0]
[184,0,0,4,3,"MEDAIR","Cleaned/Capped Copper Med Air","7th floor","Med Gas","Above","bline6","Threaded Rod",198,"B-Line","B3205","6/15/2022",60,"Plain Threaded Rod","<None>","<None>",0,0,0,0,5,"<None>",null,null,"½",-224,32,0,0,"",4.532,"V",0.2,0.10000000149011612,6,1,79875,74,"hngrod","Hanger Rod",52,"Plumbing#0012.pdf",null,null,null,null,4.532,"MEDAIR","",1,"HE32421FF200020",36,33,0]
[34,0,0,2,3,"DOMWATER","Copper Domestic Water","All 7th Floor","Water","Above","bline6","Threaded Rod",198,"B-Line","B3205","6/15/2022",780,"Plain Threaded Rod","<None>","<None>",0,0,0,0,5,"<None>",null,null,"½",-224,32,0,0,"",4.532,"V",0.2,0.10000000149011612,78,1,80901,74,"hngrod","Hanger Rod",52,"Plumbing#0007.pdf",null,null,null,null,4.532,"DOMWATER","",1,"HE32421FF200020",36,33,0]
[61,0,0,3,1,"HWSHWR4","Copper/Welded Heating Water","7th floor","Heating Water","Above","bline6","Threaded Rod",198,"B-Line","B3205","6/15/2022",132,"Plain Threaded Rod","<None>","<None>",0,0,0,0,5,"<None>",null,null,"½",-224,32,0,0,"",4.532,"V",0.2,0.10000000149011612,13.199999809265137,1,81925,74,"hngrod","Hanger Rod",52,"Mechanical#0010.pdf",null,null,null,null,4.532,"HWSHWR4","",1,"HE32421FF200020",36,33,0]
[188,0,0,4,3,"MEDAIR","Cleaned/Capped Copper Med Air","7th floor","Med Gas","Above","bline6","Threaded Rod",198,"B-Line","B3205","6/15/2022",24,"Plain Threaded Rod","<None>","<None>",0,0,0,0,5,"<None>",null,null,"⅝",-256,40,0,0,"",8.0879999999999992,"V",0.2,0.10999999940395355,2.6399998664855957,1,82947,75,"hngrod","Hanger Rod",52,"Plumbing#0011.pdf",null,null,null,null,8.0879999999999992,"MEDAIR","",1,"HE32421FF000028",36,33,0]
[192,0,0,4,3,"MEDAIR","Cleaned/Capped Copper Med Air","7th floor","Med Gas","Above","bline6","Threaded Rod",198,"B-Line","B3205","6/15/2022",24,"Plain Threaded Rod","<None>","<None>",0,0,0,0,5,"<None>",null,null,"⅝",-256,40,0,0,"",8.0879999999999992,"V",0.2,0.10999999940395355,2.6399998664855957,1,82947,75,"hngrod","Hanger Rod",52,"Plumbing#0012.pdf",null,null,null,null,8.0879999999999992,"MEDAIR","",1,"HE32421FF000028",36,33,0]
[8,0,0,1,1,"NO-HUBCH","Above Grade No-Hub DWV","All 7th Floor","DWV","Above","bline6","Threaded Rod",198,"B-Line","B3205","6/15/2022",2200,"Plain Threaded Rod","<None>","<None>",0,0,0,0,5,"<None>",null,null,"⅝",-256,40,0,0,"",8.0879999999999992,"V",0.2,0.10999999940395355,242,1,83973,75,"hngrod","Hanger Rod",52,"Plumbing#0004.pdf",null,null,null,null,8.0879999999999992,"NO-HUBCH","",1,"HE32421FF000028",36,33,0]
[127,0,0,4,3,"MEDAIR","Cleaned/Capped Copper Med Air","7th floor","Med Gas","Above","bolts","Bolts",35,"Bolt-Pak","","6/8/2021",72,"Hex Head Bolt w/ Nut","<None>","<None>",0,0,0,0,4,"<None>",null,null,"⅝ x3",40,192,0,0,"",0.99,"V",0.8,0,0,1,53250,54,"csfgwn","Steel Weld Neck Flanges",31,"Plumbing#0011.pdf",null,null,null,null,0.99,"MEDAIR","",1,"LC324210FA3002800C0",36,33,4003]
[130,0,0,4,3,"MEDAIR","Cleaned/Capped Copper Med Air","7th floor","Med Gas","Above","bolts","Bolts",35,"Bolt-Pak","","6/8/2021",72,"Hex Head Bolt w/ Nut","<None>","<None>",0,0,0,0,4,"<None>",null,null,"⅝ x3",40,192,0,0,"",0.99,"V",0.8,0,0,1,53250,54,"csfgwn","Steel Weld Neck Flanges",31,"Plumbing#0012.pdf",null,null,null,null,0.99,"MEDAIR","",1,"LC324210FA3002800C0",36,33,4003]
[75,-1,0,4,3,"MEDAIR","Cleaned/Capped Copper Med Air","7th floor","Med Gas","Above","copfcb","Clean & Bag Cop Ftgs Elkhart",109,"Elkhart Prod","107-C","6/20/2024  10:51:44 AM",81,"Wrot Copper C & B 90 Ell","<None>","<None>",0.18000000715255737,1.0000000474974513E-3,0.11299999803304672,0,2,"<None>",null,null,"1",64,-64,0,0,"",65.036000000000001,"V",0.25,0.62999999523162842,51.029998779296875,1,25600,25,"copfsf","Copper Ftgs Silfos",41,"Plumbing#0011.pdf",null,null,null,null,65.036000000000001,"MEDAIR","",1,"FC329250FA10040FFC0",41,37,4001]
[76,-1,0,4,3,"MEDAIR","Cleaned/Capped Copper Med Air","7th floor","Med Gas","Above","copfcb","Clean & Bag Cop Ftgs Elkhart",109,"Elkhart Prod","107-C","6/20/2024  10:51:44 AM",81,"Wrot Copper C & B 90 Ell","<None>","<None>",0.18000000715255737,1.0000000474974513E-3,0.11299999803304672,0,2,"<None>",null,null,"1",64,-64,0,0,"",65.036000000000001,"V",0.25,0.62999999523162842,51.029998779296875,1,25600,25,"copfsf","Copper Ftgs Silfos",41,"Plumbing#0012.pdf",null,null,null,null,65.036000000000001,"MEDAIR","",1,"FC329250FA10040FFC0",41,37,4001]
[77,-1,0,4,3,"MEDAIR","Cleaned/Capped Copper Med Air","7th floor","Med Gas","Above","copfcb","Clean & Bag Cop Ftgs Elkhart",109,"Elkhart Prod","107-C","6/20/2024  10:51:44 AM",60,"Wrot Copper C & B 90 Ell","<None>","<None>",0.2800000011920929,3.0000000260770321E-3,0.15999999642372131,0,2,"<None>",null,null,"1¼",80,-80,0,0,"",96.361999999999995,"V",0.25,0.69999998807907104,42,1,26624,26,"copfsf","Copper Ftgs Silfos",41,"Plumbing#0011.pdf",null,null,null,null,96.361999999999995,"MEDAIR","",1,"FC329250FA10050FFB0",41,37,4001]
[78,-1,0,4,3,"MEDAIR","Cleaned/Capped Copper Med Air","7th floor","Med Gas","Above","copfcb","Clean & Bag Cop Ftgs Elkhart",109,"Elkhart Prod","107-C","6/20/2024  10:51:44 AM",60,"Wrot Copper C & B 90 Ell","<None>","<None>",0.2800000011920929,3.0000000260770321E-3,0.15999999642372131,0,2,"<None>",null,null,"1¼",80,-80,0,0,"",96.361999999999995,"V",0.25,0.69999998807907104,42,1,26624,26,"copfsf","Copper Ftgs Silfos",41,"Plumbing#0012.pdf",null,null,null,null,96.361999999999995,"MEDAIR","",1,"FC329250FA10050FFB0",41,37,4001]
[79,-1,0,4,3,"MEDAIR","Cleaned/Capped Copper Med Air","7th floor","Med Gas","Above","copfcb","Clean & Bag Cop Ftgs Elkhart",109,"Elkhart Prod","107-C","6/20/2024  10:51:44 AM",9,"Wrot Copper C & B 90 Ell","<None>","<None>",0.40000000596046448,4.999999888241291E-3,0.21500000357627869,0,2,"<None>",null,null,"1½",96,-96,0,0,"",150.28800000000001,"V",0.25,0.74000000953674316,6.6599998474121094,1,27648,27,"copfsf","Copper Ftgs Silfos",41,"Plumbing#0011.pdf",null,null,null,null,150.28800000000001,"MEDAIR","",1,"FC329250FA10060FFA0",41,37,4001]
[80,-1,0,4,3,"MEDAIR","Cleaned/Capped Copper Med Air","7th floor","Med Gas","Above","copfcb","Clean & Bag Cop Ftgs Elkhart",109,"Elkhart Prod","107-C","6/20/2024  10:51:44 AM",9,"Wrot Copper C & B 90 Ell","<None>","<None>",0.40000000596046448,4.999999888241291E-3,0.21500000357627869,0,2,"<None>",null,null,"1½",96,-96,0,0,"",150.28800000000001,"V",0.25,0.74000000953674316,6.6599998474121094,1,27648,27,"copfsf","Copper Ftgs Silfos",41,"Plumbing#0012.pdf",null,null,null,null,150.28800000000001,"MEDAIR","",1,"FC329250FA10060FFA0",41,37,4001]
[81,-1,0,4,3,"MEDAIR","Cleaned/Capped Copper Med Air","7th floor","Med Gas","Above","copfcb","Clean & Bag Cop Ftgs Elkhart",109,"Elkhart Prod","107-C","6/20/2024  10:51:44 AM",168,"Wrot Copper C & B 90 Ell","<None>","<None>",0.75,1.0999999940395355E-2,0.36899998784065247,0,2,"<None>",null,null,"2",128,-128,0,0,"",273.8,"V",0.25,0.85000002384185791,142.80000305175781,1,28672,28,"copfsf","Copper Ftgs Silfos",41,"Plumbing#0011.pdf",null,null,null,null,273.8,"MEDAIR","",1,"FC329250FA10080FF80",41,37,4001]
[82,-1,0,4,3,"MEDAIR","Cleaned/Capped Copper Med Air","7th floor","Med Gas","Above","copfcb","Clean & Bag Cop Ftgs Elkhart",109,"Elkhart Prod","107-C","6/20/2024  10:51:44 AM",168,"Wrot Copper C & B 90 Ell","<None>","<None>",0.75,1.0999999940395355E-2,0.36899998784065247,0,2,"<None>",null,null,"2",128,-128,0,0,"",273.8,"V",0.25,0.85000002384185791,142.80000305175781,1,28672,28,"copfsf","Copper Ftgs Silfos",41,"Plumbing#0012.pdf",null,null,null,null,273.8,"MEDAIR","",1,"FC329250FA10080FF80",41,37,4001]
[83,-1,0,4,3,"MEDAIR","Cleaned/Capped Copper Med Air","7th floor","Med Gas","Above","copfcb","Clean & Bag Cop Ftgs Elkhart",109,"Elkhart Prod","107-C","6/20/2024  10:51:44 AM",6,"Wrot Copper C & B 90 Ell","<None>","<None>",1.1799999475479126,2.0999999716877937E-2,0.54100000858306885,0,2,"<None>",null,null,"2½",160,-160,0,0,"",499.09399999999999,"V",0.25,1.3600000143051147,8.1599998474121094,1,29696,29,"copfsf","Copper Ftgs Silfos",41,"Plumbing#0011.pdf",null,null,null,null,499.09399999999999,"MEDAIR","",1,"FC329250FA100A0FF60",41,37,4001]
[84,-1,0,4,3,"MEDAIR","Cleaned/Capped Copper Med Air","7th floor","Med Gas","Above","copfcb","Clean & Bag Cop Ftgs Elkhart",109,"Elkhart Prod","107-C","6/20/2024  10:51:44 AM",6,"Wrot Copper C & B 90 Ell","<None>","<None>",1.1799999475479126,2.0999999716877937E-2,0.54100000858306885,0,2,"<None>",null,null,"2½",160,-160,0,0,"",499.09399999999999,"V",0.25,1.3600000143051147,8.1599998474121094,1,29696,29,"copfsf","Copper Ftgs Silfos",41,"Plumbing#0012.pdf",null,null,null,null,499.09399999999999,"MEDAIR","",1,"FC329250FA100A0FF60",41,37,4001]
[85,-1,0,4,3,"MEDAIR","Cleaned/Capped Copper Med Air","7th floor","Med Gas","Above","copfcb","Clean & Bag Cop Ftgs Elkhart",109,"Elkhart Prod","107-C","6/20/2024  10:51:44 AM",18,"Wrot Copper C & B 90 Ell","<None>","<None>",4.2199997901916504,8.6999997496604919E-2,1.3250000476837158,0,2,"<None>",null,null,"4",256,-256,0,0,"",1553.963,"V",0.25,2.190000057220459,39.420001983642578,1,30720,30,"copfsf","Copper Ftgs Silfos",41,"Plumbing#0011.pdf",null,null,null,null,1553.963,"MEDAIR","",1,"FC329250FA10100FF00",41,37,4001]
[86,-1,0,4,3,"MEDAIR","Cleaned/Capped Copper Med Air","7th floor","Med Gas","Above","copfcb","Clean & Bag Cop Ftgs Elkhart",109,"Elkhart Prod","107-C","6/20/2024  10:51:44 AM",18,"Wrot Copper C & B 90 Ell","<None>","<None>",4.2199997901916504,8.6999997496604919E-2,1.3250000476837158,0,2,"<None>",null,null,"4",256,-256,0,0,"",1553.963,"V",0.25,2.190000057220459,39.420001983642578,1,30720,30,"copfsf","Copper Ftgs Silfos",41,"Plumbing#0012.pdf",null,null,null,null,1553.963,"MEDAIR","",1,"FC329250FA10100FF00",41,37,4001]
[87,-1,0,4,3,"MEDAIR","Cleaned/Capped Copper Med Air","7th floor","Med Gas","Above","copfcb","Clean & Bag Cop Ftgs Elkhart",109,"Elkhart Prod","106","6/20/2024  10:51:44 AM",6,"Wrot Copper C & B 45 Ell","<None>","<None>",0.15000000596046448,1.0000000474974513E-3,5.6000001728534698E-2,0,2,"<None>",null,null,"1",64,-64,0,0,"",92.363,"V",0.25,0.62999999523162842,3.7799999713897705,1,31744,31,"copfsf","Copper Ftgs Silfos",41,"Plumbing#0011.pdf",null,null,null,null,92.363,"MEDAIR","",1,"FC329250FA50040FFC0",41,37,4005]
[88,-1,0,4,3,"MEDAIR","Cleaned/Capped Copper Med Air","7th floor","Med Gas","Above","copfcb","Clean & Bag Cop Ftgs Elkhart",109,"Elkhart Prod","106","6/20/2024  10:51:44 AM",6,"Wrot Copper C & B 45 Ell","<None>","<None>",0.15000000596046448,1.0000000474974513E-3,5.6000001728534698E-2,0,2,"<None>",null,null,"1",64,-64,0,0,"",92.363,"V",0.25,0.62999999523162842,3.7799999713897705,1,31744,31,"copfsf","Copper Ftgs Silfos",41,"Plumbing#0012.pdf",null,null,null,null,92.363,"MEDAIR","",1,"FC329250FA50040FFC0",41,37,4005]
[89,-1,0,4,3,"MEDAIR","Cleaned/Capped Copper Med Air","7th floor","Med Gas","Above","copfcb","Clean & Bag Cop Ftgs Elkhart",109,"Elkhart Prod","106","6/20/2024  10:51:44 AM",6,"Wrot Copper C & B 45 Ell","<None>","<None>",0.62000000476837158,4.999999888241291E-3,0.18500000238418579,0,2,"<None>",null,null,"2",128,-128,0,0,"",254,"V",0.25,0.85000002384185791,5.1000003814697266,1,32768,32,"copfsf","Copper Ftgs Silfos",41,"Plumbing#0011.pdf",null,null,null,null,254,"MEDAIR","",1,"FC329250FA50080FF80",41,37,4005]
[90,-1,0,4,3,"MEDAIR","Cleaned/Capped Copper Med Air","7th floor","Med Gas","Above","copfcb","Clean & Bag Cop Ftgs Elkhart",109,"Elkhart Prod","106","6/20/2024  10:51:44 AM",6,"Wrot Copper C & B 45 Ell","<None>","<None>",0.62000000476837158,4.999999888241291E-3,0.18500000238418579,0,2,"<None>",null,null,"2",128,-128,0,0,"",254,"V",0.25,0.85000002384185791,5.1000003814697266,1,32768,32,"copfsf","Copper Ftgs Silfos",41,"Plumbing#0012.pdf",null,null,null,null,254,"MEDAIR","",1,"FC329250FA50080FF80",41,37,4005]
[91,-1,0,4,3,"MEDAIR","Cleaned/Capped Copper Med Air","7th floor","Med Gas","Above","copfcb","Clean & Bag Cop Ftgs Elkhart",109,"Elkhart Prod","111","6/20/2024  10:51:44 AM",15,"Wrot Copper C & B Tee","<None>","<None>",0.29100000858306885,1.0000000474974513E-3,7.5000002980232239E-2,0,2,"<None>",null,null,"1",64,-64,-64,0,"",145.92500000000001,"V",0.25,0.92000001668930054,13.800000190734863,1,33792,33,"copfsf","Copper Ftgs Silfos",41,"Plumbing#0011.pdf",null,null,null,null,145.92500000000001,"MEDAIR","",1,"FC129250FA70040FFC0FFC0",41,37,4007]
[92,-1,0,4,3,"MEDAIR","Cleaned/Capped Copper Med Air","7th floor","Med Gas","Above","copfcb","Clean & Bag Cop Ftgs Elkhart",109,"Elkhart Prod","111","6/20/2024  10:51:44 AM",15,"Wrot Copper C & B Tee","<None>","<None>",0.29100000858306885,1.0000000474974513E-3,7.5000002980232239E-2,0,2,"<None>",null,null,"1",64,-64,-64,0,"",145.92500000000001,"V",0.25,0.92000001668930054,13.800000190734863,1,33792,33,"copfsf","Copper Ftgs Silfos",41,"Plumbing#0012.pdf",null,null,null,null,145.92500000000001,"MEDAIR","",1,"FC129250FA70040FFC0FFC0",41,37,4007]
[93,-1,0,4,3,"MEDAIR","Cleaned/Capped Copper Med Air","7th floor","Med Gas","Above","copfcb","Clean & Bag Cop Ftgs Elkhart",109,"Elkhart Prod","111","6/20/2024  10:51:44 AM",18,"Wrot Copper C & B Tee","<None>","<None>",0.4050000011920929,2.0000000949949026E-3,0.10700000077486038,0,2,"<None>",null,null,"1¼",80,-80,-80,0,"",201.25,"V",0.25,1.0299999713897705,18.539999008178711,1,34816,34,"copfsf","Copper Ftgs Silfos",41,"Plumbing#0011.pdf",null,null,null,null,201.25,"MEDAIR","",1,"FC129250FA70050FFB0FFB0",41,37,4007]
[94,-1,0,4,3,"MEDAIR","Cleaned/Capped Copper Med Air","7th floor","Med Gas","Above","copfcb","Clean & Bag Cop Ftgs Elkhart",109,"Elkhart Prod","111","6/20/2024  10:51:44 AM",18,"Wrot Copper C & B Tee","<None>","<None>",0.4050000011920929,2.0000000949949026E-3,0.10700000077486038,0,2,"<None>",null,null,"1¼",80,-80,-80,0,"",201.25,"V",0.25,1.0299999713897705,18.539999008178711,1,34816,34,"copfsf","Copper Ftgs Silfos",41,"Plumbing#0012.pdf",null,null,null,null,201.25,"MEDAIR","",1,"FC129250FA70050FFB0FFB0",41,37,4007]
[95,-1,0,4,3,"MEDAIR","Cleaned/Capped Copper Med Air","7th floor","Med Gas","Above","copfcb","Clean & Bag Cop Ftgs Elkhart",109,"Elkhart Prod","111","6/20/2024  10:51:44 AM",27,"Wrot Copper C & B Tee","<None>","<None>",1.2899999618530273,7.0000002160668373E-3,0.2460000067949295,0,2,"<None>",null,null,"2",128,-128,-128,0,"",483.42500000000001,"V",0.25,1.2599999904632568,34.020000457763672,1,35840,35,"copfsf","Copper Ftgs Silfos",41,"Plumbing#0011.pdf",null,null,null,null,483.42500000000001,"MEDAIR","",1,"FC129250FA70080FF80FF80",41,37,4007]
[96,-1,0,4,3,"MEDAIR","Cleaned/Capped Copper Med Air","7th floor","Med Gas","Above","copfcb","Clean & Bag Cop Ftgs Elkhart",109,"Elkhart Prod","111","6/20/2024  10:51:44 AM",27,"Wrot Copper C & B Tee","<None>","<None>",1.2899999618530273,7.0000002160668373E-3,0.2460000067949295,0,2,"<None>",null,null,"2",128,-128,-128,0,"",483.42500000000001,"V",0.25,1.2599999904632568,34.020000457763672,1,35840,35,"copfsf","Copper Ftgs Silfos",41,"Plumbing#0012.pdf",null,null,null,null,483.42500000000001,"MEDAIR","",1,"FC129250FA70080FF80FF80",41,37,4007]
[97,-1,0,4,3,"MEDAIR","Cleaned/Capped Copper Med Air","7th floor","Med Gas","Above","copfcb","Clean & Bag Cop Ftgs Elkhart",109,"Elkhart Prod","111","6/20/2024  10:51:44 AM",9,"Wrot Copper C & B Tee","<None>","<None>",6.619999885559082,5.7999998331069946E-2,0.88400000333786011,0,2,"<None>",null,null,"4",256,-256,-256,0,"",2993.75,"V",0.25,3.2599999904632568,29.340000152587891,1,36864,36,"copfsf","Copper Ftgs Silfos",41,"Plumbing#0011.pdf",null,null,null,null,2993.75,"MEDAIR","",1,"FC129250FA70100FF00FF00",41,37,4007]
[98,-1,0,4,3,"MEDAIR","Cleaned/Capped Copper Med Air","7th floor","Med Gas","Above","copfcb","Clean & Bag Cop Ftgs Elkhart",109,"Elkhart Prod","111","6/20/2024  10:51:44 AM",9,"Wrot Copper C & B Tee","<None>","<None>",6.619999885559082,5.7999998331069946E-2,0.88400000333786011,0,2,"<None>",null,null,"4",256,-256,-256,0,"",2993.75,"V",0.25,3.2599999904632568,29.340000152587891,1,36864,36,"copfsf","Copper Ftgs Silfos",41,"Plumbing#0012.pdf",null,null,null,null,2993.75,"MEDAIR","",1,"FC129250FA70100FF00FF00",41,37,4007]
[99,-1,0,4,3,"MEDAIR","Cleaned/Capped Copper Med Air","7th floor","Med Gas","Above","copfcb","Clean & Bag Cop Ftgs Elkhart",109,"Elkhart Prod","100","6/20/2024  10:51:44 AM",6,"Wrot Copper C & B Coupling","<None>","<None>",0.15000000596046448,0,0,0,2,"<None>",null,null,"1¼",80,-80,0,0,"",61.15,"V",0.25,0.69999998807907104,4.1999998092651367,1,37888,37,"copfsf","Copper Ftgs Silfos",41,"Plumbing#0011.pdf",null,null,null,null,61.15,"MEDAIR","",1,"FC329250FAD0050FFB0",41,37,4013]
[100,-1,0,4,3,"MEDAIR","Cleaned/Capped Copper Med Air","7th floor","Med Gas","Above","copfcb","Clean & Bag Cop Ftgs Elkhart",109,"Elkhart Prod","100","6/20/2024  10:51:44 AM",6,"Wrot Copper C & B Coupling","<None>","<None>",0.15000000596046448,0,0,0,2,"<None>",null,null,"1¼",80,-80,0,0,"",61.15,"V",0.25,0.69999998807907104,4.1999998092651367,1,37888,37,"copfsf","Copper Ftgs Silfos",41,"Plumbing#0012.pdf",null,null,null,null,61.15,"MEDAIR","",1,"FC329250FAD0050FFB0",41,37,4013]
[101,-1,0,4,3,"MEDAIR","Cleaned/Capped Copper Med Air","7th floor","Med Gas","Above","copfcb","Clean & Bag Cop Ftgs Elkhart",109,"Elkhart Prod","100","6/20/2024  10:51:44 AM",3,"Wrot Copper C & B Coupling","<None>","<None>",0.21699999272823334,0,0,0,2,"<None>",null,null,"1½",96,-96,0,0,"",82.472999999999999,"V",0.25,0.74000000953674316,2.2200000286102295,1,38912,38,"copfsf","Copper Ftgs Silfos",41,"Plumbing#0011.pdf",null,null,null,null,82.472999999999999,"MEDAIR","",1,"FC329250FAD0060FFA0",41,37,4013]
[102,-1,0,4,3,"MEDAIR","Cleaned/Capped Copper Med Air","7th floor","Med Gas","Above","copfcb","Clean & Bag Cop Ftgs Elkhart",109,"Elkhart Prod","100","6/20/2024  10:51:44 AM",3,"Wrot Copper C & B Coupling","<None>","<None>",0.21699999272823334,0,0,0,2,"<None>",null,null,"1½",96,-96,0,0,"",82.472999999999999,"V",0.25,0.74000000953674316,2.2200000286102295,1,38912,38,"copfsf","Copper Ftgs Silfos",41,"Plumbing#0012.pdf",null,null,null,null,82.472999999999999,"MEDAIR","",1,"FC329250FAD0060FFA0",41,37,4013]
[103,-1,0,4,3,"MEDAIR","Cleaned/Capped Copper Med Air","7th floor","Med Gas","Above","copfcb","Clean & Bag Cop Ftgs Elkhart",109,"Elkhart Prod","100","6/20/2024  10:51:44 AM",27,"Wrot Copper C & B Coupling","<None>","<None>",0.40099999308586121,0,0,0,2,"<None>",null,null,"2",128,-128,0,0,"",137.63800000000001,"V",0.25,0.85000002384185791,22.950000762939453,1,39936,39,"copfsf","Copper Ftgs Silfos",41,"Plumbing#0011.pdf",null,null,null,null,137.63800000000001,"MEDAIR","",1,"FC329250FAD0080FF80",41,37,4013]
[104,-1,0,4,3,"MEDAIR","Cleaned/Capped Copper Med Air","7th floor","Med Gas","Above","copfcb","Clean & Bag Cop Ftgs Elkhart",109,"Elkhart Prod","100","6/20/2024  10:51:44 AM",27,"Wrot Copper C & B Coupling","<None>","<None>",0.40099999308586121,0,0,0,2,"<None>",null,null,"2",128,-128,0,0,"",137.63800000000001,"V",0.25,0.85000002384185791,22.950000762939453,1,39936,39,"copfsf","Copper Ftgs Silfos",41,"Plumbing#0012.pdf",null,null,null,null,137.63800000000001,"MEDAIR","",1,"FC329250FAD0080FF80",41,37,4013]
[105,-1,0,4,3,"MEDAIR","Cleaned/Capped Copper Med Air","7th floor","Med Gas","Above","copfcb","Clean & Bag Cop Ftgs Elkhart",109,"Elkhart Prod","100","6/20/2024  10:51:44 AM",3,"Wrot Copper C & B Coupling","<None>","<None>",0.62400001287460327,0,0,0,2,"<None>",null,null,"2½",160,-160,0,0,"",266.50099999999998,"V",0.25,1.3600000143051147,4.0799999237060547,1,40960,40,"copfsf","Copper Ftgs Silfos",41,"Plumbing#0011.pdf",null,null,null,null,266.50099999999998,"MEDAIR","",1,"FC329250FAD00A0FF60",41,37,4013]
[106,-1,0,4,3,"MEDAIR","Cleaned/Capped Copper Med Air","7th floor","Med Gas","Above","copfcb","Clean & Bag Cop Ftgs Elkhart",109,"Elkhart Prod","100","6/20/2024  10:51:44 AM",3,"Wrot Copper C & B Coupling","<None>","<None>",0.62400001287460327,0,0,0,2,"<None>",null,null,"2½",160,-160,0,0,"",266.50099999999998,"V",0.25,1.3600000143051147,4.0799999237060547,1,40960,40,"copfsf","Copper Ftgs Silfos",41,"Plumbing#0012.pdf",null,null,null,null,266.50099999999998,"MEDAIR","",1,"FC329250FAD00A0FF60",41,37,4013]
[107,-1,0,4,3,"MEDAIR","Cleaned/Capped Copper Med Air","7th floor","Med Gas","Above","copfcb","Clean & Bag Cop Ftgs Elkhart",109,"Elkhart Prod","101-R","6/20/2024  10:51:44 AM",9,"Wrot Copper C & B Concentric Red","<None>","<None>",0.38199999928474426,2.0000000949949026E-3,6.1999998986721039E-2,0,2,"<None>",null,null,"2x1",128,64,0,0,"",219.238,"V",0.25,0.74000000953674316,6.6599998474121094,1,41984,41,"copfsf","Copper Ftgs Silfos",41,"Plumbing#0011.pdf",null,null,null,null,219.238,"MEDAIR","",1,"FC329250FCB00800040",41,37,4043]
[108,-1,0,4,3,"MEDAIR","Cleaned/Capped Copper Med Air","7th floor","Med Gas","Above","copfcb","Clean & Bag Cop Ftgs Elkhart",109,"Elkhart Prod","101-R","6/20/2024  10:51:44 AM",9,"Wrot Copper C & B Concentric Red","<None>","<None>",0.38199999928474426,2.0000000949949026E-3,6.1999998986721039E-2,0,2,"<None>",null,null,"2x1",128,64,0,0,"",219.238,"V",0.25,0.74000000953674316,6.6599998474121094,1,41984,41,"copfsf","Copper Ftgs Silfos",41,"Plumbing#0012.pdf",null,null,null,null,219.238,"MEDAIR","",1,"FC329250FCB00800040",41,37,4043]
[109,-1,0,4,3,"MEDAIR","Cleaned/Capped Copper Med Air","7th floor","Med Gas","Above","copfcb","Clean & Bag Cop Ftgs Elkhart",109,"Elkhart Prod","101-R","6/20/2024  10:51:44 AM",3,"Wrot Copper C & B Concentric Red","<None>","<None>",0.6119999885559082,4.0000001899898052E-3,9.0000003576278687E-2,0,2,"<None>",null,null,"2½ x2",160,128,0,0,"",418.77499999999998,"V",0.25,1.1000000238418579,3.3000001907348633,1,43008,42,"copfsf","Copper Ftgs Silfos",41,"Plumbing#0011.pdf",null,null,null,null,418.77499999999998,"MEDAIR","",1,"FC329250FCB00A00080",41,37,4043]
[110,-1,0,4,3,"MEDAIR","Cleaned/Capped Copper Med Air","7th floor","Med Gas","Above","copfcb","Clean & Bag Cop Ftgs Elkhart",109,"Elkhart Prod","101-R","6/20/2024  10:51:44 AM",3,"Wrot Copper C & B Concentric Red","<None>","<None>",0.6119999885559082,4.0000001899898052E-3,9.0000003576278687E-2,0,2,"<None>",null,null,"2½ x2",160,128,0,0,"",418.77499999999998,"V",0.25,1.1000000238418579,3.3000001907348633,1,43008,42,"copfsf","Copper Ftgs Silfos",41,"Plumbing#0012.pdf",null,null,null,null,418.77499999999998,"MEDAIR","",1,"FC329250FCB00A00080",41,37,4043]
[111,-1,0,4,3,"MEDAIR","Cleaned/Capped Copper Med Air","7th floor","Med Gas","Above","copfcb","Clean & Bag Cop Ftgs Elkhart",109,"Elkhart Prod","101-R","6/20/2024  10:51:44 AM",6,"Wrot Copper C & B Concentric Red","<None>","<None>",2.0199999809265137,1.4999999664723873E-2,0.22100000083446503,0,2,"<None>",null,null,"4x2½",256,160,0,0,"",1171.498,"V",0.25,1.7699999809265137,10.619999885559082,1,44032,43,"copfsf","Copper Ftgs Silfos",41,"Plumbing#0011.pdf",null,null,null,null,1171.498,"MEDAIR","",1,"FC329250FCB010000A0",41,37,4043]
[112,-1,0,4,3,"MEDAIR","Cleaned/Capped Copper Med Air","7th floor","Med Gas","Above","copfcb","Clean & Bag Cop Ftgs Elkhart",109,"Elkhart Prod","101-R","6/20/2024  10:51:44 AM",6,"Wrot Copper C & B Concentric Red","<None>","<None>",2.0199999809265137,1.4999999664723873E-2,0.22100000083446503,0,2,"<None>",null,null,"4x2½",256,160,0,0,"",1171.498,"V",0.25,1.7699999809265137,10.619999885559082,1,44032,43,"copfsf","Copper Ftgs Silfos",41,"Plumbing#0012.pdf",null,null,null,null,1171.498,"MEDAIR","",1,"FC329250FCB010000A0",41,37,4043]
[113,-1,0,4,3,"MEDAIR","Cleaned/Capped Copper Med Air","7th floor","Med Gas","Above","copfcb","Clean & Bag Cop Ftgs Elkhart",109,"Elkhart Prod","111-R","6/20/2024  10:51:44 AM",3,"Wrot Copper C & B Reducing Tee","<None>","<None>",1.0800000429153442,7.0000002160668373E-3,0.2460000067949295,0,2,"<None>",null,null,"2x1½",128,-128,96,0,"",376.45,"V",0.25,1.2000000476837158,3.6000001430511475,1,45056,44,"copfsf","Copper Ftgs Silfos",41,"Plumbing#0011.pdf",null,null,null,null,376.45,"MEDAIR","",1,"FC12925100F0080FF800060",41,37,4111]
[114,-1,0,4,3,"MEDAIR","Cleaned/Capped Copper Med Air","7th floor","Med Gas","Above","copfcb","Clean & Bag Cop Ftgs Elkhart",109,"Elkhart Prod","111-R","6/20/2024  10:51:44 AM",3,"Wrot Copper C & B Reducing Tee","<None>","<None>",1.0800000429153442,7.0000002160668373E-3,0.2460000067949295,0,2,"<None>",null,null,"2x1½",128,-128,96,0,"",376.45,"V",0.25,1.2000000476837158,3.6000001430511475,1,45056,44,"copfsf","Copper Ftgs Silfos",41,"Plumbing#0012.pdf",null,null,null,null,376.45,"MEDAIR","",1,"FC12925100F0080FF800060",41,37,4111]
[115,-1,0,4,3,"MEDAIR","Cleaned/Capped Copper Med Air","7th floor","Med Gas","Above","copfcb","Clean & Bag Cop Ftgs Elkhart",109,"Elkhart Prod","111-R","6/20/2024  10:51:44 AM",3,"Wrot Copper C & B Reducing Tee","<None>","<None>",1.6599999666213989,1.4000000432133675E-2,0.36100000143051147,0,2,"<None>",null,null,"2½ x2",160,-160,128,0,"",1037.5,"V",0.25,1.7699999809265137,5.309999942779541,1,46080,45,"copfsf","Copper Ftgs Silfos",41,"Plumbing#0011.pdf",null,null,null,null,1037.5,"MEDAIR","",1,"FC12925100F00A0FF600080",41,37,4111]
[116,-1,0,4,3,"MEDAIR","Cleaned/Capped Copper Med Air","7th floor","Med Gas","Above","copfcb","Clean & Bag Cop Ftgs Elkhart",109,"Elkhart Prod","111-R","6/20/2024  10:51:44 AM",3,"Wrot Copper C & B Reducing Tee","<None>","<None>",1.6599999666213989,1.4000000432133675E-2,0.36100000143051147,0,2,"<None>",null,null,"2½ x2",160,-160,128,0,"",1037.5,"V",0.25,1.7699999809265137,5.309999942779541,1,46080,45,"copfsf","Copper Ftgs Silfos",41,"Plumbing#0012.pdf",null,null,null,null,1037.5,"MEDAIR","",1,"FC12925100F00A0FF600080",41,37,4111]
[117,-1,0,4,3,"MEDAIR","Cleaned/Capped Copper Med Air","7th floor","Med Gas","Above","copfcb","Clean & Bag Cop Ftgs Elkhart",109,"Elkhart Prod","111-R","6/20/2024  10:51:44 AM",3,"Wrot Copper C & B Reducing Tee","<None>","<None>",0.63999998569488525,3.0000000260770321E-3,0.14300000667572021,0,2,"<None>",null,null,"1½ x1¼ x1¼",96,80,80,0,"",472.13799999999998,"V",0.25,1.0499999523162842,3.1499998569488525,1,47104,46,"copfsf","Copper Ftgs Silfos",41,"Plumbing#0011.pdf",null,null,null,null,472.13799999999998,"MEDAIR","",1,"FC129251013006000500050",41,37,4115]
[118,-1,0,4,3,"MEDAIR","Cleaned/Capped Copper Med Air","7th floor","Med Gas","Above","copfcb","Clean & Bag Cop Ftgs Elkhart",109,"Elkhart Prod","111-R","6/20/2024  10:51:44 AM",3,"Wrot Copper C & B Reducing Tee","<None>","<None>",0.63999998569488525,3.0000000260770321E-3,0.14300000667572021,0,2,"<None>",null,null,"1½ x1¼ x1¼",96,80,80,0,"",472.13799999999998,"V",0.25,1.0499999523162842,3.1499998569488525,1,47104,46,"copfsf","Copper Ftgs Silfos",41,"Plumbing#0012.pdf",null,null,null,null,472.13799999999998,"MEDAIR","",1,"FC129251013006000500050",41,37,4115]
[119,-1,0,4,3,"MEDAIR","Cleaned/Capped Copper Med Air","7th floor","Med Gas","Above","copfcb","Clean & Bag Cop Ftgs Elkhart",109,"Elkhart Prod","111-R","6/20/2024  10:51:44 AM",3,"Wrot Copper C & B Reducing Tee","<None>","<None>",1.2899999618530273,7.0000002160668373E-3,0.2460000067949295,0,2,"<None>",null,null,"2x1x2",128,64,128,0,"",629.31299999999999,"V",0.25,1.1499999761581421,3.4499998092651367,1,48128,47,"copfsf","Copper Ftgs Silfos",41,"Plumbing#0011.pdf",null,null,null,null,629.31299999999999,"MEDAIR","",1,"FC129251013008000400080",41,37,4115]
[120,-1,0,4,3,"MEDAIR","Cleaned/Capped Copper Med Air","7th floor","Med Gas","Above","copfcb","Clean & Bag Cop Ftgs Elkhart",109,"Elkhart Prod","111-R","6/20/2024  10:51:44 AM",3,"Wrot Copper C & B Reducing Tee","<None>","<None>",1.2899999618530273,7.0000002160668373E-3,0.2460000067949295,0,2,"<None>",null,null,"2x1x2",128,64,128,0,"",629.31299999999999,"V",0.25,1.1499999761581421,3.4499998092651367,1,48128,47,"copfsf","Copper Ftgs Silfos",41,"Plumbing#0012.pdf",null,null,null,null,629.31299999999999,"MEDAIR","",1,"FC129251013008000400080",41,37,4115]
[121,-1,0,4,3,"MEDAIR","Cleaned/Capped Copper Med Air","7th floor","Med Gas","Above","copfcb","Clean & Bag Cop Ftgs Elkhart",109,"Elkhart Prod","111-R","6/20/2024  10:51:44 AM",3,"Wrot Copper C & B Reducing Tee","<None>","<None>",1.6299999952316284,1.4000000432133675E-2,0.36100000143051147,0,2,"<None>",null,null,"2½ x2x2",160,128,128,0,"",1300,"V",0.25,1.5199999809265137,4.559999942779541,1,49152,48,"copfsf","Copper Ftgs Silfos",41,"Plumbing#0011.pdf",null,null,null,null,1300,"MEDAIR","",1,"FC12925101300A000800080",41,37,4115]
[122,-1,0,4,3,"MEDAIR","Cleaned/Capped Copper Med Air","7th floor","Med Gas","Above","copfcb","Clean & Bag Cop Ftgs Elkhart",109,"Elkhart Prod","111-R","6/20/2024  10:51:44 AM",3,"Wrot Copper C & B Reducing Tee","<None>","<None>",1.6299999952316284,1.4000000432133675E-2,0.36100000143051147,0,2,"<None>",null,null,"2½ x2x2",160,128,128,0,"",1300,"V",0.25,1.5199999809265137,4.559999942779541,1,49152,48,"copfsf","Copper Ftgs Silfos",41,"Plumbing#0012.pdf",null,null,null,null,1300,"MEDAIR","",1,"FC12925101300A000800080",41,37,4115]
[10,-1,0,2,3,"DOMWATER","Copper Domestic Water","All 7th Floor","Water","Above","copfit","Copper Fittings Elkhart",11,"Elkhart Prod","107-C","6/20/2024  10:51:44 AM",1200,"Wrot Copper 90 Ell","<None>","<None>",3.9999999105930328E-2,0,4.6999998390674591E-2,0,2,"<None>",null,null,"½",32,-32,0,0,"",9.6300000000000008,"V",0.2,0.40000000596046448,480,1,11264,11,"copf95","Copper Ftgs 95/5 Solder",39,"<None>",null,null,null,null,9.6300000000000008,"DOMWATER","",1,"FC329210FA10020FFE0",41,33,4001]
[11,-1,0,2,3,"DOMWATER","Copper Domestic Water","All 7th Floor","Water","Above","copfit","Copper Fittings Elkhart",11,"Elkhart Prod","107-C","6/20/2024  10:51:44 AM",1500,"Wrot Copper 90 Ell","<None>","<None>",0.10000000149011612,1.0000000474974513E-3,7.1999996900558472E-2,0,2,"<None>",null,null,"¾",48,-48,0,0,"",21.22,"V",0.2,0.52999997138977051,794.99993896484375,1,12288,12,"copf95","Copper Ftgs 95/5 Solder",39,"<None>",null,null,null,null,21.22,"DOMWATER","",1,"FC329210FA10030FFD0",41,33,4001]
[39,-1,0,3,1,"HWSHWR4","Copper/Welded Heating Water","7th floor","Heating Water","Above","copfit","Copper Fittings Elkhart",11,"Elkhart Prod","107-C","6/20/2024  10:51:44 AM",250,"Wrot Copper 90 Ell","<None>","<None>",0.10000000149011612,1.0000000474974513E-3,7.1999996900558472E-2,0,2,"<None>",null,null,"¾",48,-48,0,0,"",21.22,"V",0.2,0.52999997138977051,132.5,1,12288,12,"copf95","Copper Ftgs 95/5 Solder",39,"<None>",null,null,null,null,21.22,"HWSHWR4","",1,"FC329210FA10030FFD0",41,33,4001]
[12,-1,0,2,3,"DOMWATER","Copper Domestic Water","All 7th Floor","Water","Above","copfit","Copper Fittings Elkhart",11,"Elkhart Prod","107-C","6/20/2024  10:51:44 AM",600,"Wrot Copper 90 Ell","<None>","<None>",0.18000000715255737,1.0000000474974513E-3,0.11299999803304672,0,2,"<None>",null,null,"1",64,-64,0,0,"",52.03,"V",0.2,0.62999999523162842,378,1,13312,13,"copf95","Copper Ftgs 95/5 Solder",39,"<None>",null,null,null,null,52.03,"DOMWATER","",1,"FC329210FA10040FFC0",41,33,4001]
[13,-1,0,2,3,"DOMWATER","Copper Domestic Water","All 7th Floor","Water","Above","copfit","Copper Fittings Elkhart",11,"Elkhart Prod","107-C","6/20/2024  10:51:44 AM",150,"Wrot Copper 90 Ell","<None>","<None>",0.40000000596046448,4.999999888241291E-3,0.21500000357627869,0,2,"<None>",null,null,"1½",96,-96,0,0,"",120.23,"V",0.2,0.74000000953674316,111,1,14336,14,"copf95","Copper Ftgs 95/5 Solder",39,"<None>",null,null,null,null,120.23,"DOMWATER","",1,"FC329210FA10060FFA0",41,33,4001]
[14,-1,0,2,3,"DOMWATER","Copper Domestic Water","All 7th Floor","Water","Above","copfit","Copper Fittings Elkhart",11,"Elkhart Prod","107-C","6/20/2024  10:51:44 AM",150,"Wrot Copper 90 Ell","<None>","<None>",0.75,1.0999999940395355E-2,0.36899998784065247,0,2,"<None>",null,null,"2",128,-128,0,0,"",219.04,"V",0.2,0.85000002384185791,127.5,1,15360,15,"copf95","Copper Ftgs 95/5 Solder",39,"<None>",null,null,null,null,219.04,"DOMWATER","",1,"FC329210FA10080FF80",41,33,4001]
[15,-1,0,2,3,"DOMWATER","Copper Domestic Water","All 7th Floor","Water","Above","copfit","Copper Fittings Elkhart",11,"Elkhart Prod","107-C","6/20/2024  10:51:44 AM",150,"Wrot Copper 90 Ell","<None>","<None>",1.1799999475479126,2.0999999716877937E-2,0.54100000858306885,0,2,"<None>",null,null,"2½",160,-160,0,0,"",399.28,"V",0.2,1.3600000143051147,204,1,16384,16,"copf95","Copper Ftgs 95/5 Solder",39,"<None>",null,null,null,null,399.28,"DOMWATER","",1,"FC329210FA100A0FF60",41,33,4001]
[16,-1,0,2,3,"DOMWATER","Copper Domestic Water","All 7th Floor","Water","Above","copfit","Copper Fittings Elkhart",11,"Elkhart Prod","111","6/20/2024  10:51:44 AM",75,"Wrot Copper Tee","<None>","<None>",5.000000074505806E-2,0,3.0999999493360519E-2,0,2,"<None>",null,null,"½",32,-32,-32,0,"",16.170000000000002,"V",0.2,0.56999999284744263,42.75,1,17408,17,"copf95","Copper Ftgs 95/5 Solder",39,"<None>",null,null,null,null,16.170000000000002,"DOMWATER","",1,"FC129210FA70020FFE0FFE0",41,33,4007]
[40,-1,0,3,1,"HWSHWR4","Copper/Welded Heating Water","7th floor","Heating Water","Above","copfit","Copper Fittings Elkhart",11,"Elkhart Prod","100","6/20/2024  10:51:44 AM",74,"Wrot Copper Coupling","<None>","<None>",0.40099999308586121,0,0,0,2,"<None>",null,null,"2",128,-128,0,0,"",110.11,"V",0.2,0.85000002384185791,62.900001525878906,1,18432,18,"copf95","Copper Ftgs 95/5 Solder",39,"Mechanical#0010.pdf",null,null,null,null,110.11,"HWSHWR4","",1,"FC329210FAD0080FF80",41,33,4013]
[17,-1,0,2,3,"DOMWATER","Copper Domestic Water","All 7th Floor","Water","Above","copfit","Copper Fittings Elkhart",11,"Elkhart Prod","100","6/20/2024  10:51:44 AM",252,"Wrot Copper Coupling","<None>","<None>",0.62400001287460327,0,0,0,2,"<None>",null,null,"2½",160,-160,0,0,"",213.2,"V",0.2,1.3600000143051147,342.72000122070313,1,19456,19,"copf95","Copper Ftgs 95/5 Solder",39,"Plumbing#0007.pdf",null,null,null,null,213.2,"DOMWATER","",1,"FC329210FAD00A0FF60",41,33,4013]
[41,-1,0,3,1,"HWSHWR4","Copper/Welded Heating Water","7th floor","Heating Water","Above","copfit","Copper Fittings Elkhart",11,"Elkhart Prod","104","6/20/2024  10:51:44 AM",160,"Wrot Copper Male Adapter","<None>","<None>",0.11599999666213989,0,6.0000000521540642E-3,0,2,"<None>",null,null,"¾",48,-48,0,0,"",33.18,"V",0.2,0.28999999165534973,46.399997711181641,1,20480,20,"copf95","Copper Ftgs 95/5 Solder",39,"<None>",null,null,null,null,33.18,"HWSHWR4","",1,"FC329210FC10030FFD0",41,33,4033]
[18,-1,0,2,3,"DOMWATER","Copper Domestic Water","All 7th Floor","Water","Above","copfit","Copper Fittings Elkhart",11,"Elkhart Prod","111-R","6/20/2024  10:51:44 AM",75,"Wrot Copper Reducing Tee","<None>","<None>",0.22300000488758087,1.0000000474974513E-3,7.5000002980232239E-2,0,2,"<None>",null,null,"1x¾",64,-64,48,0,"",119.39,"V",0.2,0.87000000476837158,65.25,1,21504,21,"copf95","Copper Ftgs 95/5 Solder",39,"<None>",null,null,null,null,119.39,"DOMWATER","",1,"FC12921100F0040FFC00030",41,33,4111]
[19,-1,0,2,3,"DOMWATER","Copper Domestic Water","All 7th Floor","Water","Above","copfit","Copper Fittings Elkhart",11,"Elkhart Prod","111-R","6/20/2024  10:51:44 AM",75,"Wrot Copper Reducing Tee","<None>","<None>",0.61000001430511475,3.0000000260770321E-3,0.14300000667572021,0,2,"<None>",null,null,"1½ x1",96,-96,64,0,"",184.7,"V",0.2,1.0299999713897705,77.25,1,22528,22,"copf95","Copper Ftgs 95/5 Solder",39,"<None>",null,null,null,null,184.7,"DOMWATER","",1,"FC12921100F0060FFA00040",41,33,4111]
[20,-1,0,2,3,"DOMWATER","Copper Domestic Water","All 7th Floor","Water","Above","copfit","Copper Fittings Elkhart",11,"Elkhart Prod","111-R","6/20/2024  10:51:44 AM",150,"Wrot Copper Reducing Tee","<None>","<None>",0.99000000953674316,7.0000002160668373E-3,0.2460000067949295,0,2,"<None>",null,null,"2x1",128,-128,64,0,"",301.16000000000003,"V",0.2,1.1399999856948853,171,1,23552,23,"copf95","Copper Ftgs 95/5 Solder",39,"<None>",null,null,null,null,301.16000000000003,"DOMWATER","",1,"FC12921100F0080FF800040",41,33,4111]
[21,-1,0,2,3,"DOMWATER","Copper Domestic Water","All 7th Floor","Water","Above","copfit","Copper Fittings Elkhart",11,"Elkhart Prod","111-R","6/20/2024  10:51:44 AM",150,"Wrot Copper Reducing Tee","<None>","<None>",1.6599999666213989,1.4000000432133675E-2,0.36100000143051147,0,2,"<None>",null,null,"2½ x2",160,-160,128,0,"",830,"V",0.2,1.7699999809265137,265.5,1,24576,24,"copf95","Copper Ftgs 95/5 Solder",39,"<None>",null,null,null,null,830,"DOMWATER","",1,"FC12921100F00A0FF600080",41,33,4111]
[125,-3,0,4,3,"MEDAIR","Cleaned/Capped Copper Med Air","7th floor","Med Gas","Above","copfit","Copper Fittings Elkhart",11,"Elkhart Prod","771","6/20/2024  10:51:44 AM",9,"150# Wrot Copper Flange","<None>","<None>",10.289999961853027,7.0000002160668373E-3,0.74800002574920654,0,4,"<None>",null,null,"4",256,-256,0,0,"",2120.92,"V",0.2,1.6299999952316284,14.670000076293945,1,53248,52,"cpfgfl","Copper Sweat Flanges",46,"Plumbing#0011.pdf",null,null,null,null,2120.92,"MEDAIR","",1,"LC321320FA10100FF00",33,50,4001]
[128,-3,0,4,3,"MEDAIR","Cleaned/Capped Copper Med Air","7th floor","Med Gas","Above","copfit","Copper Fittings Elkhart",11,"Elkhart Prod","771","6/20/2024  10:51:44 AM",9,"150# Wrot Copper Flange","<None>","<None>",10.289999961853027,7.0000002160668373E-3,0.74800002574920654,0,4,"<None>",null,null,"4",256,-256,0,0,"",2120.92,"V",0.2,1.6299999952316284,14.670000076293945,1,53248,52,"cpfgfl","Copper Sweat Flanges",46,"Plumbing#0012.pdf",null,null,null,null,2120.92,"MEDAIR","",1,"LC321320FA10100FF00",33,50,4001]
[37,-1,0,3,1,"HWSHWR4","Copper/Welded Heating Water","7th floor","Heating Water","Above","coptub","Copper Tube Mueller",21,"Mueller","","11/5/2024  9:23:31 PM",1555.2237548828125,"Type L Hard Copper Tube","<None>","<None>",1.75,2.199999988079071E-2,0.62199997901916504,0,1,"<None>",null,null,"2",128,0,0,0,"",46.23,"V",0.4,9.0000003576278687E-2,139.97013854980469,1,1024,1,"copp95","Copper Pipe 95/5 Solder",32,"Mechanical#0010.pdf",null,null,null,null,46.23,"HWSHWR4","",1,"PE726230080",38,35,0]
[9,-1,0,2,3,"DOMWATER","Copper Domestic Water","All 7th Floor","Water","Above","coptub","Copper Tube Mueller",21,"Mueller","","11/5/2024  9:23:31 PM",6203.0478515625,"Type L Hard Copper Tube","<None>","<None>",2.4800000190734863,3.4000001847743988E-2,0.75300002098083496,0,1,"<None>",null,null,"2½",160,0,0,0,"",66.69,"V",0.4,0.11999999731779099,744.36572265625,1,2048,2,"copp95","Copper Pipe 95/5 Solder",32,"Plumbing#0007.pdf",null,null,null,null,66.69,"DOMWATER","",1,"PE7262300A0",38,35,0]
[63,-1,0,4,3,"MEDAIR","Cleaned/Capped Copper Med Air","7th floor","Med Gas","Above","coptub","Copper Tube Mueller",21,"Mueller","","11/5/2024  9:23:31 PM",608.262939453125,"Type L Oxygen Copper Tube","<None>","<None>",0.65499997138977051,4.999999888241291E-3,0.36000001430511475,0,1,"<None>",null,null,"1",64,0,0,0,"",18.739999999999998,"V",0.4,7.0000000298023224E-2,42.578407287597656,1,3072,3,"coppsf","Copper Pipe Silfos",36,"Plumbing#0011.pdf",null,null,null,null,18.739999999999998,"MEDAIR","",1,"PE726260040",38,38,0]
[64,-1,0,4,3,"MEDAIR","Cleaned/Capped Copper Med Air","7th floor","Med Gas","Above","coptub","Copper Tube Mueller",21,"Mueller","","11/5/2024  9:23:31 PM",608.26287841796875,"Type L Oxygen Copper Tube","<None>","<None>",0.65499997138977051,4.999999888241291E-3,0.36000001430511475,0,1,"<None>",null,null,"1",64,0,0,0,"",18.739999999999998,"V",0.4,7.0000000298023224E-2,42.578403472900391,1,3072,3,"coppsf","Copper Pipe Silfos",36,"Plumbing#0012.pdf",null,null,null,null,18.739999999999998,"MEDAIR","",1,"PE726260040",38,38,0]
[65,-1,0,4,3,"MEDAIR","Cleaned/Capped Copper Med Air","7th floor","Med Gas","Above","coptub","Copper Tube Mueller",21,"Mueller","","11/5/2024  9:23:31 PM",541.0902099609375,"Type L Oxygen Copper Tube","<None>","<None>",0.88400000333786011,8.999999612569809E-3,0.43399998545646667,0,1,"<None>",null,null,"1¼",80,0,0,0,"",24.97,"V",0.4,7.9999998211860657E-2,43.287216186523438,1,4096,4,"coppsf","Copper Pipe Silfos",36,"Plumbing#0011.pdf",null,null,null,null,24.97,"MEDAIR","",1,"PE726260050",38,38,0]
[66,-1,0,4,3,"MEDAIR","Cleaned/Capped Copper Med Air","7th floor","Med Gas","Above","coptub","Copper Tube Mueller",21,"Mueller","","11/5/2024  9:23:31 PM",541.09033203125,"Type L Oxygen Copper Tube","<None>","<None>",0.88400000333786011,8.999999612569809E-3,0.43399998545646667,0,1,"<None>",null,null,"1¼",80,0,0,0,"",24.97,"V",0.4,7.9999998211860657E-2,43.287223815917969,1,4096,4,"coppsf","Copper Pipe Silfos",36,"Plumbing#0012.pdf",null,null,null,null,24.97,"MEDAIR","",1,"PE726260050",38,38,0]
[67,-1,0,4,3,"MEDAIR","Cleaned/Capped Copper Med Air","7th floor","Med Gas","Above","coptub","Copper Tube Mueller",21,"Mueller","","11/5/2024  9:23:31 PM",107.36872863769531,"Type L Oxygen Copper Tube","<None>","<None>",1.1399999856948853,1.2000000104308128E-2,0.49900001287460327,0,1,"<None>",null,null,"1½",96,0,0,0,"",32.44,"V",0.4,7.9999998211860657E-2,8.5894985198974609,1,5120,5,"coppsf","Copper Pipe Silfos",36,"Plumbing#0011.pdf",null,null,null,null,32.44,"MEDAIR","",1,"PE726260060",38,38,0]
[68,-1,0,4,3,"MEDAIR","Cleaned/Capped Copper Med Air","7th floor","Med Gas","Above","coptub","Copper Tube Mueller",21,"Mueller","","11/5/2024  9:23:31 PM",107.36872100830078,"Type L Oxygen Copper Tube","<None>","<None>",1.1399999856948853,1.2000000104308128E-2,0.49900001287460327,0,1,"<None>",null,null,"1½",96,0,0,0,"",32.44,"V",0.4,7.9999998211860657E-2,8.5894975662231445,1,5120,5,"coppsf","Copper Pipe Silfos",36,"Plumbing#0012.pdf",null,null,null,null,32.44,"MEDAIR","",1,"PE726260060",38,38,0]
[69,-1,0,4,3,"MEDAIR","Cleaned/Capped Copper Med Air","7th floor","Med Gas","Above","coptub","Copper Tube Mueller",21,"Mueller","","11/5/2024  9:23:31 PM",1577.68896484375,"Type L Oxygen Copper Tube","<None>","<None>",1.75,2.199999988079071E-2,0.62199997901916504,0,1,"<None>",null,null,"2",128,0,0,0,"",48.94,"V",0.4,9.0000003576278687E-2,141.99201965332031,1,6144,6,"coppsf","Copper Pipe Silfos",36,"Plumbing#0011.pdf",null,null,null,null,48.94,"MEDAIR","",1,"PE726260080",38,38,0]
[70,-1,0,4,3,"MEDAIR","Cleaned/Capped Copper Med Air","7th floor","Med Gas","Above","coptub","Copper Tube Mueller",21,"Mueller","","11/5/2024  9:23:31 PM",1577.6890869140625,"Type L Oxygen Copper Tube","<None>","<None>",1.75,2.199999988079071E-2,0.62199997901916504,0,1,"<None>",null,null,"2",128,0,0,0,"",48.94,"V",0.4,9.0000003576278687E-2,141.99201965332031,1,6144,6,"coppsf","Copper Pipe Silfos",36,"Plumbing#0012.pdf",null,null,null,null,48.94,"MEDAIR","",1,"PE726260080",38,38,0]
[71,-1,0,4,3,"MEDAIR","Cleaned/Capped Copper Med Air","7th floor","Med Gas","Above","coptub","Copper Tube Mueller",21,"Mueller","","11/5/2024  9:23:31 PM",153.75543212890625,"Type L Oxygen Copper Tube","<None>","<None>",2.4800000190734863,3.4000001847743988E-2,0.75300002098083496,0,1,"<None>",null,null,"2½",160,0,0,0,"",70.36,"V",0.4,0.11999999731779099,18.450651168823242,1,7168,7,"coppsf","Copper Pipe Silfos",36,"Plumbing#0011.pdf",null,null,null,null,70.36,"MEDAIR","",1,"PE7262600A0",38,38,0]
[72,-1,0,4,3,"MEDAIR","Cleaned/Capped Copper Med Air","7th floor","Med Gas","Above","coptub","Copper Tube Mueller",21,"Mueller","","11/5/2024  9:23:31 PM",153.75543212890625,"Type L Oxygen Copper Tube","<None>","<None>",2.4800000190734863,3.4000001847743988E-2,0.75300002098083496,0,1,"<None>",null,null,"2½",160,0,0,0,"",70.36,"V",0.4,0.11999999731779099,18.450651168823242,1,7168,7,"coppsf","Copper Pipe Silfos",36,"Plumbing#0012.pdf",null,null,null,null,70.36,"MEDAIR","",1,"PE7262600A0",38,38,0]
[73,-1,0,4,3,"MEDAIR","Cleaned/Capped Copper Med Air","7th floor","Med Gas","Above","coptub","Copper Tube Mueller",21,"Mueller","","11/5/2024  9:23:31 PM",152.05438232421875,"Type L Oxygen Copper Tube","<None>","<None>",5.380000114440918,8.6999997496604919E-2,1.1779999732971191,0,1,"<None>",null,null,"4",256,0,0,0,"",170.2,"V",0.4,0.18000000715255737,27.369789123535156,1,8192,8,"coppsf","Copper Pipe Silfos",36,"Plumbing#0011.pdf",null,null,null,null,170.2,"MEDAIR","",1,"PE726260100",38,38,0]
[74,-1,0,4,3,"MEDAIR","Cleaned/Capped Copper Med Air","7th floor","Med Gas","Above","coptub","Copper Tube Mueller",21,"Mueller","","11/5/2024  9:23:31 PM",152.05438232421875,"Type L Oxygen Copper Tube","<None>","<None>",5.380000114440918,8.6999997496604919E-2,1.1779999732971191,0,1,"<None>",null,null,"4",256,0,0,0,"",170.2,"V",0.4,0.18000000715255737,27.369789123535156,1,8192,8,"coppsf","Copper Pipe Silfos",36,"Plumbing#0012.pdf",null,null,null,null,170.2,"MEDAIR","",1,"PE726260100",38,38,0]
[51,0,0,3,1,"HWSHWR4","Copper/Welded Heating Water","7th floor","Heating Water","Above","fnwhgr","Hangers & Supports",363,"FNW","FNWHNG2Z38","5/22/2023",394,"Hex Nuts","<None>","<None>",0,0,0,0,5,"<None>",null,null,"⅜",-128,24,0,0,"",0.308,"V",1,5.000000074505806E-2,19.700000762939453,1,78850,64,"hngrod","Hanger Rod",52,"Mechanical#0010.pdf",null,null,null,null,0.308,"HWSHWR4","",1,"HE32228FF800018",34,40,0]
[31,0,0,2,3,"DOMWATER","Copper Domestic Water","All 7th Floor","Water","Above","fnwhgr","Hangers & Supports",363,"FNW","FNWHNG2Z12","5/22/2023",1560,"Hex Nuts","<None>","<None>",0,0,0,0,5,"<None>",null,null,"½",-224,32,0,0,"",0.69599999999999995,"V",1,5.000000074505806E-2,78,1,80898,65,"hngrod","Hanger Rod",52,"Plumbing#0007.pdf",null,null,null,null,0.69599999999999995,"DOMWATER","",1,"HE32228FF200020",34,40,0]
[58,0,0,3,1,"HWSHWR4","Copper/Welded Heating Water","7th floor","Heating Water","Above","fnwhgr","Hangers & Supports",363,"FNW","FNWHNG2Z12","5/22/2023",66,"Hex Nuts","<None>","<None>",0,0,0,0,5,"<None>",null,null,"½",-224,32,0,0,"",0.69599999999999995,"V",1,5.000000074505806E-2,3.2999999523162842,1,81922,65,"hngrod","Hanger Rod",52,"Mechanical#0010.pdf",null,null,null,null,0.69599999999999995,"HWSHWR4","",1,"HE32228FF200020",34,40,0]
[5,0,0,1,1,"NO-HUBCH","Above Grade No-Hub DWV","All 7th Floor","DWV","Above","fnwhgr","Hangers & Supports",363,"FNW","FNWHNG2Z58","5/22/2023",1100,"Hex Nuts","<None>","<None>",0,0,0,0,5,"<None>",null,null,"⅝",-320,40,0,0,"",1.3919999999999999,"V",1,5.000000074505806E-2,55,1,83970,66,"hngrod","Hanger Rod",52,"Plumbing#0004.pdf",null,null,null,null,1.3919999999999999,"NO-HUBCH","",1,"HE32228FEC00028",34,40,0]
[52,0,0,3,1,"HWSHWR4","Copper/Welded Heating Water","7th floor","Heating Water","Above","fnwhgr","Hangers & Supports",363,"FNW","FNWFLWZ38","5/22/2023",394,"Plain Washer","<None>","<None>",0,0,0,0,5,"<None>",null,null,"⅜",-128,24,0,0,"",0.27,"V",1,0,0,1,78851,67,"hngrod","Hanger Rod",52,"Mechanical#0010.pdf",null,null,null,null,0.27,"HWSHWR4","",1,"HE32229FF800018",34,41,0]
[32,0,0,2,3,"DOMWATER","Copper Domestic Water","All 7th Floor","Water","Above","fnwhgr","Hangers & Supports",363,"FNW","FNWFLWZ12","5/22/2023",1560,"Plain Washer","<None>","<None>",0,0,0,0,5,"<None>",null,null,"½",-224,32,0,0,"",0.64,"V",1,0,0,1,80899,68,"hngrod","Hanger Rod",52,"Plumbing#0007.pdf",null,null,null,null,0.64,"DOMWATER","",1,"HE32229FF200020",34,41,0]
[59,0,0,3,1,"HWSHWR4","Copper/Welded Heating Water","7th floor","Heating Water","Above","fnwhgr","Hangers & Supports",363,"FNW","FNWFLWZ12","5/22/2023",66,"Plain Washer","<None>","<None>",0,0,0,0,5,"<None>",null,null,"½",-224,32,0,0,"",0.64,"V",1,0,0,1,81923,68,"hngrod","Hanger Rod",52,"Mechanical#0010.pdf",null,null,null,null,0.64,"HWSHWR4","",1,"HE32229FF200020",34,41,0]
[6,0,0,1,1,"NO-HUBCH","Above Grade No-Hub DWV","All 7th Floor","DWV","Above","fnwhgr","Hangers & Supports",363,"FNW","FNWFLWZ58","5/22/2023",1100,"Plain Washer","<None>","<None>",0,0,0,0,5,"<None>",null,null,"⅝",-320,40,0,0,"",1.2749999999999999,"V",1,0,0,1,83971,69,"hngrod","Hanger Rod",52,"Plumbing#0004.pdf",null,null,null,null,1.2749999999999999,"NO-HUBCH","",1,"HE32229FEC00028",34,41,0]
[126,0,0,4,3,"MEDAIR","Cleaned/Capped Copper Med Air","7th floor","Med Gas","Above","gasket","Gaskets",34,"Industrial S","","2/1/1999",9,"150# Red Rubber FF Gasket","<None>","<None>",0,0,0,0,4,"<None>",null,null,"4x⅛",256,8,0,0,"",1.1499999999999999,"V",1,0,0,1,53249,53,"csfgwn","Steel Weld Neck Flanges",31,"Plumbing#0011.pdf",null,null,null,null,1.1499999999999999,"MEDAIR","",1,"LC322500FA201000008",34,80,4002]
[129,0,0,4,3,"MEDAIR","Cleaned/Capped Copper Med Air","7th floor","Med Gas","Above","gasket","Gaskets",34,"Industrial S","","2/1/1999",9,"150# Red Rubber FF Gasket","<None>","<None>",0,0,0,0,4,"<None>",null,null,"4x⅛",256,8,0,0,"",1.1499999999999999,"V",1,0,0,1,53249,53,"csfgwn","Steel Weld Neck Flanges",31,"Plumbing#0012.pdf",null,null,null,null,1.1499999999999999,"MEDAIR","",1,"LC322500FA201000008",34,80,4002]
[146,0,0,4,3,"MEDAIR","Cleaned/Capped Copper Med Air","7th floor","Med Gas","Above","hanger","Hangers",12,"B-Line","B3170CT","6/15/2022",24,"Copper Adj Swivel Ring Hanger","<None>","<None>",0.10000000149011612,0,0,0,5,"<None>",null,null,"1",-64,64,0,0,"",4.82,"V",0.2,0.20999999344348907,5.0399999618530273,1,74753,55,"hanger","Hangers",201,"Plumbing#0011.pdf",null,null,null,null,4.82,"MEDAIR","",1,"HE3212AFFC00040",33,42,0]
[150,0,0,4,3,"MEDAIR","Cleaned/Capped Copper Med Air","7th floor","Med Gas","Above","hanger","Hangers",12,"B-Line","B3170CT","6/15/2022",24,"Copper Adj Swivel Ring Hanger","<None>","<None>",0.10000000149011612,0,0,0,5,"<None>",null,null,"1",-64,64,0,0,"",4.82,"V",0.2,0.20999999344348907,5.0399999618530273,1,74753,55,"hanger","Hangers",201,"Plumbing#0012.pdf",null,null,null,null,4.82,"MEDAIR","",1,"HE3212AFFC00040",33,42,0]
[154,0,0,4,3,"MEDAIR","Cleaned/Capped Copper Med Air","7th floor","Med Gas","Above","hanger","Hangers",12,"B-Line","B3170CT","6/15/2022",33,"Copper Adj Swivel Ring Hanger","<None>","<None>",0.11999999731779099,0,0,0,5,"<None>",null,null,"1¼",-80,80,0,0,"",4.82,"V",0.2,0.20999999344348907,6.929999828338623,1,75777,56,"hanger","Hangers",201,"Plumbing#0011.pdf",null,null,null,null,4.82,"MEDAIR","",1,"HE3212AFFB00050",33,42,0]
[158,0,0,4,3,"MEDAIR","Cleaned/Capped Copper Med Air","7th floor","Med Gas","Above","hanger","Hangers",12,"B-Line","B3170CT","6/15/2022",33,"Copper Adj Swivel Ring Hanger","<None>","<None>",0.11999999731779099,0,0,0,5,"<None>",null,null,"1¼",-80,80,0,0,"",4.82,"V",0.2,0.20999999344348907,6.929999828338623,1,75777,56,"hanger","Hangers",201,"Plumbing#0012.pdf",null,null,null,null,4.82,"MEDAIR","",1,"HE3212AFFB00050",33,42,0]
[162,0,0,4,3,"MEDAIR","Cleaned/Capped Copper Med Air","7th floor","Med Gas","Above","hanger","Hangers",12,"B-Line","B3170CT","6/15/2022",12,"Copper Adj Swivel Ring Hanger","<None>","<None>",0.11999999731779099,0,0,0,5,"<None>",null,null,"1½",-96,96,0,0,"",5.26,"V",0.2,0.20999999344348907,2.5199999809265137,1,76801,57,"hanger","Hangers",201,"Plumbing#0011.pdf",null,null,null,null,5.26,"MEDAIR","",1,"HE3212AFFA00060",33,42,0]
[166,0,0,4,3,"MEDAIR","Cleaned/Capped Copper Med Air","7th floor","Med Gas","Above","hanger","Hangers",12,"B-Line","B3170CT","6/15/2022",12,"Copper Adj Swivel Ring Hanger","<None>","<None>",0.11999999731779099,0,0,0,5,"<None>",null,null,"1½",-96,96,0,0,"",5.26,"V",0.2,0.20999999344348907,2.5199999809265137,1,76801,57,"hanger","Hangers",201,"Plumbing#0012.pdf",null,null,null,null,5.26,"MEDAIR","",1,"HE3212AFFA00060",33,42,0]
[170,0,0,4,3,"MEDAIR","Cleaned/Capped Copper Med Air","7th floor","Med Gas","Above","hanger","Hangers",12,"B-Line","B3170CT","6/15/2022",102,"Copper Adj Swivel Ring Hanger","<None>","<None>",0.11999999731779099,0,0,0,5,"<None>",null,null,"2",-128,128,0,0,"",5.26,"V",0.2,0.20999999344348907,21.420000076293945,1,77825,58,"hanger","Hangers",201,"Plumbing#0011.pdf",null,null,null,null,5.26,"MEDAIR","",1,"HE3212AFF800080",33,42,0]
[174,0,0,4,3,"MEDAIR","Cleaned/Capped Copper Med Air","7th floor","Med Gas","Above","hanger","Hangers",12,"B-Line","B3170CT","6/15/2022",102,"Copper Adj Swivel Ring Hanger","<None>","<None>",0.11999999731779099,0,0,0,5,"<None>",null,null,"2",-128,128,0,0,"",5.26,"V",0.2,0.20999999344348907,21.420000076293945,1,77825,58,"hanger","Hangers",201,"Plumbing#0012.pdf",null,null,null,null,5.26,"MEDAIR","",1,"HE3212AFF800080",33,42,0]
[178,0,0,4,3,"MEDAIR","Cleaned/Capped Copper Med Air","7th floor","Med Gas","Above","hanger","Hangers",12,"B-Line","B3170CT","6/15/2022",15,"Copper Adj Swivel Ring Hanger","<None>","<None>",0.31000000238418579,0,0,0,5,"<None>",null,null,"2½",-160,160,0,0,"",13.79,"V",0.2,0.23000000417232513,3.4500000476837158,1,79873,59,"hanger","Hangers",201,"Plumbing#0011.pdf",null,null,null,null,13.79,"MEDAIR","",1,"HE3212AFF6000A0",33,42,0]
[182,0,0,4,3,"MEDAIR","Cleaned/Capped Copper Med Air","7th floor","Med Gas","Above","hanger","Hangers",12,"B-Line","B3170CT","6/15/2022",15,"Copper Adj Swivel Ring Hanger","<None>","<None>",0.31000000238418579,0,0,0,5,"<None>",null,null,"2½",-160,160,0,0,"",13.79,"V",0.2,0.23000000417232513,3.4500000476837158,1,79873,59,"hanger","Hangers",201,"Plumbing#0012.pdf",null,null,null,null,13.79,"MEDAIR","",1,"HE3212AFF6000A0",33,42,0]
[186,0,0,4,3,"MEDAIR","Cleaned/Capped Copper Med Air","7th floor","Med Gas","Above","hanger","Hangers",12,"B-Line","B3170CT","6/15/2022",6,"Copper Adj Swivel Ring Hanger","<None>","<None>",0.40000000596046448,0,0,0,5,"<None>",null,null,"4",-256,256,0,0,"",22.41,"V",0.2,0.25,1.5,1,82945,60,"hanger","Hangers",201,"Plumbing#0011.pdf",null,null,null,null,22.41,"MEDAIR","",1,"HE3212AFF000100",33,42,0]
[190,0,0,4,3,"MEDAIR","Cleaned/Capped Copper Med Air","7th floor","Med Gas","Above","hanger","Hangers",12,"B-Line","B3170CT","6/15/2022",6,"Copper Adj Swivel Ring Hanger","<None>","<None>",0.40000000596046448,0,0,0,5,"<None>",null,null,"4",-256,256,0,0,"",22.41,"V",0.2,0.25,1.5,1,82945,60,"hanger","Hangers",201,"Plumbing#0012.pdf",null,null,null,null,22.41,"MEDAIR","",1,"HE3212AFF000100",33,42,0]
[4,0,0,1,1,"NO-HUBCH","Above Grade No-Hub DWV","All 7th Floor","DWV","Above","hanger","Hangers",12,"B-Line","B3100","6/15/2022",550,"Plain Standard Clevis Hanger","<None>","<None>",1.7300000190734863,0,0,0,5,"<None>",null,null,"4",-256,256,0,0,"",22.51,"V",0.2,0.25,137.5,1,83969,61,"hanger","Hangers",201,"Plumbing#0004.pdf",null,null,null,null,22.51,"NO-HUBCH","",1,"HE32145FF000100",33,69,0]
[50,0,0,3,1,"HWSHWR4","Copper/Welded Heating Water","7th floor","Heating Water","Above","hanger","Hangers",12,"B-Line","B3100","6/15/2022",197,"Plain Standard Clevis Hanger","<None>","<None>",2.4500000476837158,0,0,0,5,"<None>",null,null,"5",-320,320,0,0,"",31.16,"V",0.2,0.25999999046325684,51.219997406005859,1,78849,62,"hanger","Hangers",201,"Mechanical#0010.pdf",null,null,null,null,31.16,"HWSHWR4","",1,"HE32145FEC00140",33,69,0]
[30,0,0,2,3,"DOMWATER","Copper Domestic Water","All 7th Floor","Water","Above","hanger","Hangers",12,"B-Line","B3100","6/15/2022",780,"Plain Standard Clevis Hanger","<None>","<None>",2.4500000476837158,0,0,0,5,"<None>",null,null,"5",-320,320,0,0,"",31.16,"V",0.2,0.25999999046325684,202.79998779296875,1,80897,62,"hanger","Hangers",201,"Plumbing#0007.pdf",null,null,null,null,31.16,"DOMWATER","",1,"HE32145FEC00140",33,69,0]
[57,0,0,3,1,"HWSHWR4","Copper/Welded Heating Water","7th floor","Heating Water","Above","hanger","Hangers",12,"B-Line","B3100","6/15/2022",33,"Plain Standard Clevis Hanger","<None>","<None>",3.2000000476837158,0,0,0,5,"<None>",null,null,"6",-384,384,0,0,"",38.520000000000003,"V",0.2,0.27000001072883606,8.9100008010864258,1,81921,63,"hanger","Hangers",201,"Mechanical#0010.pdf",null,null,null,null,38.520000000000003,"HWSHWR4","",1,"HE32145FE800180",33,69,0]
[22,-1,0,2,3,"DOMWATER","Copper Domestic Water","All 7th Floor","Water","Above","joint","Joints",339,"Varies","","8/17/2021",2625,"Lead-Free Solder Joints","<None>","<None>",0,0,0,0,6,"<None>",null,null,"½",32,0,0,0,"",0.2,"V",1,0,0,1,54272,79,"copp95","Copper Pipe 95/5 Solder",32,"<None>",null,null,null,null,0.2,"DOMWATER","",1,"JE721210020",33,33,0]
[23,-1,0,2,3,"DOMWATER","Copper Domestic Water","All 7th Floor","Water","Above","joint","Joints",339,"Varies","","8/17/2021",3075,"Lead-Free Solder Joints","<None>","<None>",0,0,0,0,6,"<None>",null,null,"¾",48,0,0,0,"",0.24,"V",1,0,0,1,55296,80,"copp95","Copper Pipe 95/5 Solder",32,"<None>",null,null,null,null,0.24,"DOMWATER","",1,"JE721210030",33,33,0]
[24,-1,0,2,3,"DOMWATER","Copper Domestic Water","All 7th Floor","Water","Above","joint","Joints",339,"Varies","","8/17/2021",1575,"Lead-Free Solder Joints","<None>","<None>",0,0,0,0,6,"<None>",null,null,"1",64,0,0,0,"",0.36,"V",1,0,0,1,56320,81,"copp95","Copper Pipe 95/5 Solder",32,"<None>",null,null,null,null,0.36,"DOMWATER","",1,"JE721210040",33,33,0]
[25,-1,0,2,3,"DOMWATER","Copper Domestic Water","All 7th Floor","Water","Above","joint","Joints",339,"Varies","","8/17/2021",450,"Lead-Free Solder Joints","<None>","<None>",0,0,0,0,6,"<None>",null,null,"1½",96,0,0,0,"",0.48,"V",1,0,0,1,57344,82,"copp95","Copper Pipe 95/5 Solder",32,"<None>",null,null,null,null,0.48,"DOMWATER","",1,"JE721210060",33,33,0]
[26,-1,0,2,3,"DOMWATER","Copper Domestic Water","All 7th Floor","Water","Above","joint","Joints",339,"Varies","","8/17/2021",750,"Lead-Free Solder Joints","<None>","<None>",0,0,0,0,6,"<None>",null,null,"2",128,0,0,0,"",0.6,"V",1,0,0,1,58368,83,"copp95","Copper Pipe 95/5 Solder",32,"<None>",null,null,null,null,0.6,"DOMWATER","",1,"JE721210080",33,33,0]
[27,-1,0,2,3,"DOMWATER","Copper Domestic Water","All 7th Floor","Water","Above","joint","Joints",339,"Varies","","8/17/2021",600,"Lead-Free Solder Joints","<None>","<None>",0,0,0,0,6,"<None>",null,null,"2½",160,0,0,0,"",0.8,"V",1,0,0,1,59392,84,"copp95","Copper Pipe 95/5 Solder",32,"<None>",null,null,null,null,0.8,"DOMWATER","",1,"JE7212100A0",33,33,0]
[28,-1,0,2,3,"DOMWATER","Copper Domestic Water","All 7th Floor","Water","Above","joint","Joints",339,"Varies","","8/17/2021",504,"Lead-Free Solder Joints","<None>","<None>",0,0,0,0,6,"<None>",null,null,"2½",160,0,0,0,"",0.8,"V",1,0,0,1,59392,84,"copp95","Copper Pipe 95/5 Solder",32,"Plumbing#0007.pdf",null,null,null,null,0.8,"DOMWATER","",1,"JE7212100A0",33,33,0]
[43,-1,0,3,1,"HWSHWR4","Copper/Welded Heating Water","7th floor","Heating Water","Above","joint","Joints",339,"Varies","","8/17/2021",820,"95/5 Solder Joints","<None>","<None>",6.0000000521540642E-3,0,0,0,6,"<None>",null,null,"¾",48,0,0,0,"",0.48,"V",1,0,0,1,60416,85,"copp95","Copper Pipe 95/5 Solder",32,"<None>",null,null,null,null,0.48,"HWSHWR4","",1,"JE721230030",33,35,0]
[44,-1,0,3,1,"HWSHWR4","Copper/Welded Heating Water","7th floor","Heating Water","Above","joint","Joints",339,"Varies","","8/17/2021",148,"95/5 Solder Joints","<None>","<None>",2.4000000208616257E-2,0,0,0,6,"<None>",null,null,"2",128,0,0,0,"",1.2,"V",1,0,0,1,61440,86,"copp95","Copper Pipe 95/5 Solder",32,"Mechanical#0010.pdf",null,null,null,null,1.2,"HWSHWR4","",1,"JE721230080",33,35,0]
[131,-1,0,4,3,"MEDAIR","Cleaned/Capped Copper Med Air","7th floor","Med Gas","Above","joint","Joints",339,"Varies","","8/17/2021",231,"Silfos Joints","<None>","<None>",0,0,0,0,6,"<None>",null,null,"1",64,0,0,0,"",2.16,"V",1,2.8999999165534973E-2,6.6989998817443848,1,62464,87,"copfsf","Copper Ftgs Silfos",41,"Plumbing#0011.pdf",null,null,null,null,2.16,"MEDAIR","",1,"JE721250040",33,37,0]
[132,-1,0,4,3,"MEDAIR","Cleaned/Capped Copper Med Air","7th floor","Med Gas","Above","joint","Joints",339,"Varies","","8/17/2021",231,"Silfos Joints","<None>","<None>",0,0,0,0,6,"<None>",null,null,"1",64,0,0,0,"",2.16,"V",1,2.8999999165534973E-2,6.6989998817443848,1,62464,87,"copfsf","Copper Ftgs Silfos",41,"Plumbing#0012.pdf",null,null,null,null,2.16,"MEDAIR","",1,"JE721250040",33,37,0]
[133,-1,0,4,3,"MEDAIR","Cleaned/Capped Copper Med Air","7th floor","Med Gas","Above","joint","Joints",339,"Varies","","8/17/2021",192,"Silfos Joints","<None>","<None>",0,0,0,0,6,"<None>",null,null,"1¼",80,0,0,0,"",2.64,"V",1,2.8999999165534973E-2,5.5679998397827148,1,63488,88,"copfsf","Copper Ftgs Silfos",41,"Plumbing#0011.pdf",null,null,null,null,2.64,"MEDAIR","",1,"JE721250050",33,37,0]
[134,-1,0,4,3,"MEDAIR","Cleaned/Capped Copper Med Air","7th floor","Med Gas","Above","joint","Joints",339,"Varies","","8/17/2021",192,"Silfos Joints","<None>","<None>",0,0,0,0,6,"<None>",null,null,"1¼",80,0,0,0,"",2.64,"V",1,2.8999999165534973E-2,5.5679998397827148,1,63488,88,"copfsf","Copper Ftgs Silfos",41,"Plumbing#0012.pdf",null,null,null,null,2.64,"MEDAIR","",1,"JE721250050",33,37,0]
[135,-1,0,4,3,"MEDAIR","Cleaned/Capped Copper Med Air","7th floor","Med Gas","Above","joint","Joints",339,"Varies","","8/17/2021",30,"Silfos Joints","<None>","<None>",0,0,0,0,6,"<None>",null,null,"1½",96,0,0,0,"",2.88,"V",1,2.8999999165534973E-2,0.87000000476837158,1,64512,89,"copfsf","Copper Ftgs Silfos",41,"Plumbing#0011.pdf",null,null,null,null,2.88,"MEDAIR","",1,"JE721250060",33,37,0]
[136,-1,0,4,3,"MEDAIR","Cleaned/Capped Copper Med Air","7th floor","Med Gas","Above","joint","Joints",339,"Varies","","8/17/2021",30,"Silfos Joints","<None>","<None>",0,0,0,0,6,"<None>",null,null,"1½",96,0,0,0,"",2.88,"V",1,2.8999999165534973E-2,0.87000000476837158,1,64512,89,"copfsf","Copper Ftgs Silfos",41,"Plumbing#0012.pdf",null,null,null,null,2.88,"MEDAIR","",1,"JE721250060",33,37,0]
[137,-1,0,4,3,"MEDAIR","Cleaned/Capped Copper Med Air","7th floor","Med Gas","Above","joint","Joints",339,"Varies","","8/17/2021",516,"Silfos Joints","<None>","<None>",0,0,0,0,6,"<None>",null,null,"2",128,0,0,0,"",3.6,"V",1,2.8999999165534973E-2,14.96399974822998,1,65536,90,"copfsf","Copper Ftgs Silfos",41,"Plumbing#0011.pdf",null,null,null,null,3.6,"MEDAIR","",1,"JE721250080",33,37,0]
[138,-1,0,4,3,"MEDAIR","Cleaned/Capped Copper Med Air","7th floor","Med Gas","Above","joint","Joints",339,"Varies","","8/17/2021",516,"Silfos Joints","<None>","<None>",0,0,0,0,6,"<None>",null,null,"2",128,0,0,0,"",3.6,"V",1,2.8999999165534973E-2,14.96399974822998,1,65536,90,"copfsf","Copper Ftgs Silfos",41,"Plumbing#0012.pdf",null,null,null,null,3.6,"MEDAIR","",1,"JE721250080",33,37,0]
[139,-1,0,4,3,"MEDAIR","Cleaned/Capped Copper Med Air","7th floor","Med Gas","Above","joint","Joints",339,"Varies","","8/17/2021",48,"Silfos Joints","<None>","<None>",0,0,0,0,6,"<None>",null,null,"2½",160,0,0,0,"",4.8,"V",1,5.000000074505806E-2,2.4000000953674316,1,66560,91,"copfsf","Copper Ftgs Silfos",41,"Plumbing#0011.pdf",null,null,null,null,4.8,"MEDAIR","",1,"JE7212500A0",33,37,0]
[140,-1,0,4,3,"MEDAIR","Cleaned/Capped Copper Med Air","7th floor","Med Gas","Above","joint","Joints",339,"Varies","","8/17/2021",48,"Silfos Joints","<None>","<None>",0,0,0,0,6,"<None>",null,null,"2½",160,0,0,0,"",4.8,"V",1,5.000000074505806E-2,2.4000000953674316,1,66560,91,"copfsf","Copper Ftgs Silfos",41,"Plumbing#0012.pdf",null,null,null,null,4.8,"MEDAIR","",1,"JE7212500A0",33,37,0]
[141,-1,0,4,3,"MEDAIR","Cleaned/Capped Copper Med Air","7th floor","Med Gas","Above","joint","Joints",339,"Varies","","8/17/2021",78,"Silfos Joints","<None>","<None>",0,0,0,0,6,"<None>",null,null,"4",256,0,0,0,"",8.16,"V",1,6.3000001013278961E-2,4.9140000343322754,1,67584,92,"copfsf","Copper Ftgs Silfos",41,"Plumbing#0011.pdf",null,null,null,null,8.16,"MEDAIR","",1,"JE721250100",33,37,0]
[142,-1,0,4,3,"MEDAIR","Cleaned/Capped Copper Med Air","7th floor","Med Gas","Above","joint","Joints",339,"Varies","","8/17/2021",78,"Silfos Joints","<None>","<None>",0,0,0,0,6,"<None>",null,null,"4",256,0,0,0,"",8.16,"V",1,6.3000001013278961E-2,4.9140000343322754,1,67584,92,"copfsf","Copper Ftgs Silfos",41,"Plumbing#0012.pdf",null,null,null,null,8.16,"MEDAIR","",1,"JE721250100",33,37,0]
[45,-1,0,3,1,"HWSHWR4","Copper/Welded Heating Water","7th floor","Heating Water","Above","joint","Joints",339,"Varies","","8/17/2021",160,"Male Iron Pipe Thread Joints","<None>","<None>",0,0,0,0,6,"<None>",null,null,"¾",48,0,0,0,"",0,"V",1,0,0,1,68608,93,"misc","Miscellaneous",256,"<None>",null,null,null,null,0,"HWSHWR4","",1,"JE722210030",34,33,0]
[143,-1,0,4,3,"MEDAIR","Cleaned/Capped Copper Med Air","7th floor","Med Gas","Above","joint","Joints",339,"Varies","","8/17/2021",9,"150# Flange Joints","<None>","<None>",0,0,0,0,6,"<None>",null,null,"4",256,0,0,0,"",0,"V",1,0,0,1,69632,94,"misc","Miscellaneous",256,"Plumbing#0011.pdf",null,null,null,null,0,"MEDAIR","",1,"JE723210100",35,33,0]
[144,-1,0,4,3,"MEDAIR","Cleaned/Capped Copper Med Air","7th floor","Med Gas","Above","joint","Joints",339,"Varies","","8/17/2021",9,"150# Flange Joints","<None>","<None>",0,0,0,0,6,"<None>",null,null,"4",256,0,0,0,"",0,"V",1,0,0,1,69632,94,"misc","Miscellaneous",256,"Plumbing#0012.pdf",null,null,null,null,0,"MEDAIR","",1,"JE723210100",35,33,0]
[46,-1,0,3,1,"HWSHWR4","Copper/Welded Heating Water","7th floor","Heating Water","Above","joint","Joints",339,"Varies","","8/17/2021",20,"Sch 40 Butt Weld Joints","<None>","<None>",0,0,0,1,6,"<None>",null,null,"1",64,0,0,0,"",0.8,"V",1,0,0,1,70656,95,"csfwld","Carb Steel Ftgs Buttweld",9,"<None>",null,null,null,null,0.8,"HWSHWR4","",1,"JE724210040",36,33,0]
[47,-1,0,3,1,"HWSHWR4","Copper/Welded Heating Water","7th floor","Heating Water","Above","joint","Joints",339,"Varies","","8/17/2021",40,"Sch 40 Butt Weld Joints","<None>","<None>",0,0,0,2.5,6,"<None>",null,null,"2½",160,0,0,0,"",1.2,"V",1,0,0,1,71680,96,"csfwld","Carb Steel Ftgs Buttweld",9,"<None>",null,null,null,null,1.2,"HWSHWR4","",1,"JE7242100A0",36,33,0]
[48,-1,0,3,1,"HWSHWR4","Copper/Welded Heating Water","7th floor","Heating Water","Above","joint","Joints",339,"Varies","","8/17/2021",12,"Sch 40 Butt Weld Pipe Joint","<None>","<None>",0,0,0,2.5,6,"<None>",null,null,"2½",160,0,0,0,"",1.2,"V",1,1.8500000238418579,22.200000762939453,1,72704,97,"stlpbw","Steel Pipe Buttweld",1,"Mechanical#0010.pdf",null,null,null,null,1.2,"HWSHWR4","",1,"JE7242400A0",36,36,0]
[42,-1,0,3,1,"HWSHWR4","Copper/Welded Heating Water","7th floor","Heating Water","Above","milbal","Ball Valves Milwaukee",224,"Milwaukee","BA450","7/23/2024  9:27:00 AM",80,"BA450 2Pc FP Brnz Swt Ball Valve w/CP Ball","<None>","<None>",0,1.0000000474974513E-3,7.1999996900558472E-2,0,3,"<None>",null,null,"¾",48,-48,0,0,"",99.21,"V",0.35,0.55000001192092896,44,1,52224,51,"blvlsl","Sweat Ball Valves",174,"<None>",null,null,null,null,99.21,"HWSHWR4","",1,"V8322014D0FCF0030FFD0",34,333,4047]
[123,-1,0,4,3,"MEDAIR","Cleaned/Capped Copper Med Air","7th floor","Med Gas","Above","nbball","Ball Valves Nibco",79,"Nibco","S595-Y-66X","7/23/2024  9:27:00 AM",6,"200# 3Pc FP SS B&S Swt Ball Vlv","<None>","<None>",19.600000381469727,2.0999999716877937E-2,0.54100000858306885,0,3,"<None>",null,null,"2½",160,-160,0,0,"",2749,"V",1,1.9099999666213989,11.460000038146973,1,51200,50,"blvlsl","Sweat Ball Valves",174,"Plumbing#0011.pdf",null,null,null,null,2749,"MEDAIR","",1,"VC322D40FCF00A0FF60",34,212,4047]
[124,-1,0,4,3,"MEDAIR","Cleaned/Capped Copper Med Air","7th floor","Med Gas","Above","nbball","Ball Valves Nibco",79,"Nibco","S595-Y-66X","7/23/2024  9:27:00 AM",6,"200# 3Pc FP SS B&S Swt Ball Vlv","<None>","<None>",19.600000381469727,2.0999999716877937E-2,0.54100000858306885,0,3,"<None>",null,null,"2½",160,-160,0,0,"",2749,"V",1,1.9099999666213989,11.460000038146973,1,51200,50,"blvlsl","Sweat Ball Valves",174,"Plumbing#0012.pdf",null,null,null,null,2749,"MEDAIR","",1,"VC322D40FCF00A0FF60",34,212,4047]
[2,-1,0,1,1,"NO-HUBCH","Above Grade No-Hub DWV","All 7th Floor","DWV","Above","nhcpch","No-Hub Clamps Charlotte",122,"Charlotte","NH-1","6/1/2022",756,"No-hub Couplings","<None>","<None>",0.69999998807907104,0,0,0,6,"<None>",null,null,"4",256,0,0,0,"",43.4,"V",0.22,0,0,1,73728,98,"cisfnh","CI Soil Ftgs No-Hub",59,"Plumbing#0004.pdf",null,null,null,null,43.4,"NO-HUBCH","",1,"JE72C2B0100",44,43,0]
[1,-1,0,1,1,"NO-HUBCH","Above Grade No-Hub DWV","All 7th Floor","DWV","Above","nhftch","Cast Iron Soil NH Ftgs Char",120,"Charlotte","NH-22","1/18/2024  12:41:15 PM",158,"NH CI Soil Combo","<None>","<None>",14.5,0.11599999666213989,1.7669999599456787,0,2,"<None>",null,null,"4",256,-256,-256,0,"",113.6,"V",0.4,1.190000057220459,188.02000427246094,1,50176,49,"cisfnh","CI Soil Ftgs No-Hub",59,"Plumbing#0004.pdf",null,null,null,null,113.6,"NO-HUBCH","",1,"FC12C2410600100FF00FF00",44,36,4192]
[0,-1,0,1,1,"NO-HUBCH","Above Grade No-Hub DWV","All 7th Floor","DWV","Above","nhpich","Cast Iron Soil NH Pipe Char",118,"Charlotte","NH-2","1/18/2024  12:41:15 PM",3324.774169921875,"No-Hub Cast Iron Soil Pipe","<None>","<None>",7.4000000953674316,8.6999997496604919E-2,1.1779999732971191,0,1,"<None>",null,null,"4",256,0,0,0,"",31.22,"V",0.44,0.20000000298023224,664.954833984375,1,9216,9,"cispnh","Cast Irn Soil Pipe No-Hub",54,"Plumbing#0004.pdf",null,null,null,null,31.22,"NO-HUBCH","",1,"PE72A250100",42,37,0]
[35,0,0,2,3,"DOMWATER","Copper Domestic Water","All 7th Floor","Water","Above","shield","Shields/Saddles",196,"B-Line","B3151-7X","6/15/2022",780,"Galv Insulation Prot Shield","<None>","<None>",1.2899999618530273,0,0,0,5,"<None>",null,null,"4½ x12",-288,288,0,768,"",46.6,"V",0.39,0.23000000417232513,179.40000915527344,1,80902,76,"hngshd","Hanger Shields",198,"Plumbing#0007.pdf",null,null,null,null,46.6,"DOMWATER","",1,"HE22721FEE001200300",39,33,0]
[55,0,0,3,1,"HWSHWR4","Copper/Welded Heating Water","7th floor","Heating Water","Above","shield","Shields/Saddles",196,"B-Line","B3151-8X","6/15/2022",197,"Galv Insulation Prot Shield","<None>","<None>",1.4700000286102295,0,0,0,5,"<None>",null,null,"5x12",-320,320,0,768,"",49.91,"V",0.39,0.23000000417232513,45.310001373291016,1,78854,77,"hngshd","Hanger Shields",198,"Mechanical#0010.pdf",null,null,null,null,49.91,"HWSHWR4","",1,"HE22721FEC001400300",39,33,0]
[62,0,0,3,1,"HWSHWR4","Copper/Welded Heating Water","7th floor","Heating Water","Above","shield","Shields/Saddles",196,"B-Line","B3151-9X","6/15/2022",33,"Galv Insulation Prot Shield","<None>","<None>",2.190000057220459,0,0,0,5,"<None>",null,null,"6x12",-384,384,0,768,"",56.03,"V",0.39,0.23000000417232513,7.5900001525878906,1,81926,78,"hngshd","Hanger Shields",198,"Mechanical#0010.pdf",null,null,null,null,56.03,"HWSHWR4","",1,"HE22721FE8001800300",39,33,0]
[36,-1,0,3,1,"HWSHWR4","Copper/Welded Heating Water","7th floor","Heating Water","Above","stlpip","Steel Pipe Columbia",19,"Columbia","","2/27/2024  7:27:07 AM",260.45492553710938,"Sch 40 ERW Blk Stl Pipe A53B PE","<None>","<None>",5.7899999618530273,3.4000001847743988E-2,0.75300002098083496,0,1,"<None>",null,null,"2½",160,0,0,0,"",26.056999999999999,"V",0.25,0.2199999988079071,57.300083160400391,1,0,0,"stlppe","Steel Pipe Plain End",4,"Mechanical#0010.pdf",null,null,null,null,26.056999999999999,"HWSHWR4","",1,"PE7212700A0",33,39,0]
[147,0,0,4,3,"MEDAIR","Cleaned/Capped Copper Med Air","7th floor","Med Gas","Above","uppera","Upper Attachments",195,"B-Line","B3033","6/15/2022",24,"Plain Wide Jaw Top C-Clamp","<None>","<None>",0.54000002145767212,0,0,0,5,"<None>",null,null,"⅜",-128,24,0,0,"",13.07,"V",0.2,0.23000000417232513,5.5199999809265137,1,74754,70,"hngbmc","Hanger Beam Clamps",195,"Plumbing#0011.pdf",null,null,null,null,13.07,"MEDAIR","",1,"HE32333FF800018",35,51,0]
[151,0,0,4,3,"MEDAIR","Cleaned/Capped Copper Med Air","7th floor","Med Gas","Above","uppera","Upper Attachments",195,"B-Line","B3033","6/15/2022",24,"Plain Wide Jaw Top C-Clamp","<None>","<None>",0.54000002145767212,0,0,0,5,"<None>",null,null,"⅜",-128,24,0,0,"",13.07,"V",0.2,0.23000000417232513,5.5199999809265137,1,74754,70,"hngbmc","Hanger Beam Clamps",195,"Plumbing#0012.pdf",null,null,null,null,13.07,"MEDAIR","",1,"HE32333FF800018",35,51,0]
[155,0,0,4,3,"MEDAIR","Cleaned/Capped Copper Med Air","7th floor","Med Gas","Above","uppera","Upper Attachments",195,"B-Line","B3033","6/15/2022",33,"Plain Wide Jaw Top C-Clamp","<None>","<None>",0.54000002145767212,0,0,0,5,"<None>",null,null,"⅜",-128,24,0,0,"",13.07,"V",0.2,0.23000000417232513,7.5900001525878906,1,75778,70,"hngbmc","Hanger Beam Clamps",195,"Plumbing#0011.pdf",null,null,null,null,13.07,"MEDAIR","",1,"HE32333FF800018",35,51,0]
[159,0,0,4,3,"MEDAIR","Cleaned/Capped Copper Med Air","7th floor","Med Gas","Above","uppera","Upper Attachments",195,"B-Line","B3033","6/15/2022",33,"Plain Wide Jaw Top C-Clamp","<None>","<None>",0.54000002145767212,0,0,0,5,"<None>",null,null,"⅜",-128,24,0,0,"",13.07,"V",0.2,0.23000000417232513,7.5900001525878906,1,75778,70,"hngbmc","Hanger Beam Clamps",195,"Plumbing#0012.pdf",null,null,null,null,13.07,"MEDAIR","",1,"HE32333FF800018",35,51,0]
[163,0,0,4,3,"MEDAIR","Cleaned/Capped Copper Med Air","7th floor","Med Gas","Above","uppera","Upper Attachments",195,"B-Line","B3033","6/15/2022",12,"Plain Wide Jaw Top C-Clamp","<None>","<None>",0.54000002145767212,0,0,0,5,"<None>",null,null,"⅜",-128,24,0,0,"",13.07,"V",0.2,0.23000000417232513,2.7599999904632568,1,76802,70,"hngbmc","Hanger Beam Clamps",195,"Plumbing#0011.pdf",null,null,null,null,13.07,"MEDAIR","",1,"HE32333FF800018",35,51,0]
[167,0,0,4,3,"MEDAIR","Cleaned/Capped Copper Med Air","7th floor","Med Gas","Above","uppera","Upper Attachments",195,"B-Line","B3033","6/15/2022",12,"Plain Wide Jaw Top C-Clamp","<None>","<None>",0.54000002145767212,0,0,0,5,"<None>",null,null,"⅜",-128,24,0,0,"",13.07,"V",0.2,0.23000000417232513,2.7599999904632568,1,76802,70,"hngbmc","Hanger Beam Clamps",195,"Plumbing#0012.pdf",null,null,null,null,13.07,"MEDAIR","",1,"HE32333FF800018",35,51,0]
[171,0,0,4,3,"MEDAIR","Cleaned/Capped Copper Med Air","7th floor","Med Gas","Above","uppera","Upper Attachments",195,"B-Line","B3033","6/15/2022",102,"Plain Wide Jaw Top C-Clamp","<None>","<None>",0.54000002145767212,0,0,0,5,"<None>",null,null,"⅜",-128,24,0,0,"",13.07,"V",0.2,0.23000000417232513,23.460000991821289,1,77826,70,"hngbmc","Hanger Beam Clamps",195,"Plumbing#0011.pdf",null,null,null,null,13.07,"MEDAIR","",1,"HE32333FF800018",35,51,0]
[175,0,0,4,3,"MEDAIR","Cleaned/Capped Copper Med Air","7th floor","Med Gas","Above","uppera","Upper Attachments",195,"B-Line","B3033","6/15/2022",102,"Plain Wide Jaw Top C-Clamp","<None>","<None>",0.54000002145767212,0,0,0,5,"<None>",null,null,"⅜",-128,24,0,0,"",13.07,"V",0.2,0.23000000417232513,23.460000991821289,1,77826,70,"hngbmc","Hanger Beam Clamps",195,"Plumbing#0012.pdf",null,null,null,null,13.07,"MEDAIR","",1,"HE32333FF800018",35,51,0]
[53,0,0,3,1,"HWSHWR4","Copper/Welded Heating Water","7th floor","Heating Water","Above","uppera","Upper Attachments",195,"B-Line","B3033","6/15/2022",197,"Plain Wide Jaw Top C-Clamp","<None>","<None>",0.54000002145767212,0,0,0,5,"<None>",null,null,"⅜",-128,24,0,0,"",13.07,"V",0.2,0.23000000417232513,45.310001373291016,1,78852,70,"hngbmc","Hanger Beam Clamps",195,"Mechanical#0010.pdf",null,null,null,null,13.07,"HWSHWR4","",1,"HE32333FF800018",35,51,0]
[179,0,0,4,3,"MEDAIR","Cleaned/Capped Copper Med Air","7th floor","Med Gas","Above","uppera","Upper Attachments",195,"B-Line","B3033","6/15/2022",15,"Plain Wide Jaw Top C-Clamp","<None>","<None>",0.50999999046325684,0,0,0,5,"<None>",null,null,"½",-224,32,0,0,"",17.97,"V",0.2,0.23999999463558197,3.5999999046325684,1,79874,71,"hngbmc","Hanger Beam Clamps",195,"Plumbing#0011.pdf",null,null,null,null,17.97,"MEDAIR","",1,"HE32333FF200020",35,51,0]
[183,0,0,4,3,"MEDAIR","Cleaned/Capped Copper Med Air","7th floor","Med Gas","Above","uppera","Upper Attachments",195,"B-Line","B3033","6/15/2022",15,"Plain Wide Jaw Top C-Clamp","<None>","<None>",0.50999999046325684,0,0,0,5,"<None>",null,null,"½",-224,32,0,0,"",17.97,"V",0.2,0.23999999463558197,3.5999999046325684,1,79874,71,"hngbmc","Hanger Beam Clamps",195,"Plumbing#0012.pdf",null,null,null,null,17.97,"MEDAIR","",1,"HE32333FF200020",35,51,0]
[33,0,0,2,3,"DOMWATER","Copper Domestic Water","All 7th Floor","Water","Above","uppera","Upper Attachments",195,"B-Line","B3033","6/15/2022",780,"Plain Wide Jaw Top C-Clamp","<None>","<None>",0.50999999046325684,0,0,0,5,"<None>",null,null,"½",-224,32,0,0,"",17.97,"V",0.2,0.23999999463558197,187.19999694824219,1,80900,71,"hngbmc","Hanger Beam Clamps",195,"Plumbing#0007.pdf",null,null,null,null,17.97,"DOMWATER","",1,"HE32333FF200020",35,51,0]
[60,0,0,3,1,"HWSHWR4","Copper/Welded Heating Water","7th floor","Heating Water","Above","uppera","Upper Attachments",195,"B-Line","B3033","6/15/2022",33,"Plain Wide Jaw Top C-Clamp","<None>","<None>",0.50999999046325684,0,0,0,5,"<None>",null,null,"½",-224,32,0,0,"",17.97,"V",0.2,0.23999999463558197,7.9199995994567871,1,81924,71,"hngbmc","Hanger Beam Clamps",195,"Mechanical#0010.pdf",null,null,null,null,17.97,"HWSHWR4","",1,"HE32333FF200020",35,51,0]
[187,0,0,4,3,"MEDAIR","Cleaned/Capped Copper Med Air","7th floor","Med Gas","Above","uppera","Upper Attachments",195,"B-Line","B3033","6/15/2022",6,"Plain Wide Jaw Top C-Clamp","<None>","<None>",0.69999998807907104,0,0,0,5,"<None>",null,null,"⅝",-320,40,0,0,"",32.880000000000003,"V",0.2,0.25,1.5,1,82946,72,"hngbmc","Hanger Beam Clamps",195,"Plumbing#0011.pdf",null,null,null,null,32.880000000000003,"MEDAIR","",1,"HE32333FEC00028",35,51,0]
[191,0,0,4,3,"MEDAIR","Cleaned/Capped Copper Med Air","7th floor","Med Gas","Above","uppera","Upper Attachments",195,"B-Line","B3033","6/15/2022",6,"Plain Wide Jaw Top C-Clamp","<None>","<None>",0.69999998807907104,0,0,0,5,"<None>",null,null,"⅝",-320,40,0,0,"",32.880000000000003,"V",0.2,0.25,1.5,1,82946,72,"hngbmc","Hanger Beam Clamps",195,"Plumbing#0012.pdf",null,null,null,null,32.880000000000003,"MEDAIR","",1,"HE32333FEC00028",35,51,0]
[7,0,0,1,1,"NO-HUBCH","Above Grade No-Hub DWV","All 7th Floor","DWV","Above","uppera","Upper Attachments",195,"B-Line","B3033","6/15/2022",550,"Plain Wide Jaw Top C-Clamp","<None>","<None>",0.69999998807907104,0,0,0,5,"<None>",null,null,"⅝",-320,40,0,0,"",32.880000000000003,"V",0.2,0.25,137.5,1,83972,72,"hngbmc","Hanger Beam Clamps",195,"Plumbing#0004.pdf",null,null,null,null,32.880000000000003,"NO-HUBCH","",1,"HE32333FEC00028",35,51,0]
[38,-1,0,3,1,"HWSHWR4","Copper/Welded Heating Water","7th floor","Heating Water","Above","wldfit","CS Weld Fittings Weldbend",5,"Weldbend","052-022-010","8/1/2022",20,"Std Wt Steel Weld Red Tee","<None>","<None>",4.5999999046325684,1.4000000432133675E-2,0.36100000143051147,0,2,"<None>",null,null,"2½ x1",160,-160,64,0,"",133,"V",0.75,4.4600000381469727,89.199996948242188,1,10240,10,"csfwld","Carb Steel Ftgs Buttweld",9,"<None>",null,null,null,null,133,"HWSHWR4","",1,"FC12521100F00A0FF600040",37,33,4111]

{"sheet":"Config","index":17,"n_rows":45,"n_cols":3,"rows_kept":45,"cut":false,"hidden":true,"merged":[]}
["Configuration Name","Value","Notes"]
["CompanyName","Comfort Systems USA Arkansas","Company name"]
["ComputerName","ARK02-58Q0TV3","Computer name"]
[]
["SiteName","FastEST-Local.site","Site name"]
["SitePath","S:\\FastEST\\FastEST-Local.site","Site folder full path name"]
["JobName","MERCY 7TH FLOOR","Job name"]
["JobPath","S:\\FastEST\\FastEST-Local.site\\Jobs\\MERCY 7TH FLOOR.job","Job folder full path name"]
["JobDescription","100%DD Budget","Job description"]
["JobTemplateName","Plumbing/HVAC Piping","Job template used during creation"]
["JobCreatedDate","2024-11-22T14:47:59","Job creation date"]
["JobBidDateTime","2024-11-22T14:47:35","Job bid date (from Job Info tab)"]
["JobSiteAddress",null,"Job site address (from Job Info tab)"]
["JobSiteCity",null,"Job site city (from Job Info tab)"]
["JobSiteState",null,"Job site state (from Job Info tab)"]
["JobPipeEstimator",null,"Job pipe estimator name (from Job Info tab)"]
["JobDuctEstimator",null,"Job duct estimator name (from Job Info tab)"]
["JobNotes",null,"Job notes (from Job Info tab)"]
["ShowQuantityVerification",false,"Show quantity verification on quote sheets"]
["PipeRefreshData",false,"Flag indicating pipe data has been refreshed"]
["PipeRefreshDateTime","2025-01-08T15:30:46","Date/time pipe data was last refreshed"]
["PipeCalcDateTime","2025-01-07T10:20:37","Pipe calculation date"]
["PipeCalcDetailExceptions",0,"Pipe detail exception count"]
["PipeCalcSummaryExceptions",0,"Pipe summary exception count"]
["PipeCalcLaborSourceName","MCAA","Pipe labor source name"]
["PipeCalcLaborSetName",1,"Pipe labor set name"]
["PipeCalcMaterialSetName","Factor 1","Pipe material set name"]
["PiipeCalcShowPartNumber",false,"Pipe detail shows partnumber instead of weight"]
["PipeCalcSkippedInsulationItems",0]
["PipeMacroVersion",53]
["PipeReportParameterSections","1, 2, 3, 4"]
["PipeReportParameterSpecs"]
["PipeReportParameterAreas"]
["PipeReportParameterSystems"]
["PipeReportParameterRemarks"]
["PipeReportParameterHeader1"]
["PipeReportParameterHeader2"]
["PipeReportParameterHeader3"]
["PipeReportParameterHeader4"]
["PipeReportParameterPlans"]
["PipeReportParameterZones"]
["PipeReportParameterCostCodes"]
["PipeReportParameterTags"]
["PipeReportIncompleteReminderCount",0]
["PipeReportIncompleteReminders"]